Last updated on 2025-11-04 05:51:06 CET.
| Flavor | Version | Tinstall | Tcheck | Ttotal | Status | Flags | 
|---|---|---|---|---|---|---|
| r-devel-linux-x86_64-debian-clang | 0.8.2 | 14.88 | 486.09 | 500.97 | OK | |
| r-devel-linux-x86_64-debian-gcc | 0.8.2 | 9.30 | 285.29 | 294.59 | OK | |
| r-devel-linux-x86_64-fedora-clang | 0.8.2 | 31.00 | 761.12 | 792.12 | OK | |
| r-devel-linux-x86_64-fedora-gcc | 0.8.2 | 26.00 | 857.48 | 883.48 | OK | |
| r-devel-windows-x86_64 | 0.8.2 | 14.00 | 429.00 | 443.00 | OK | |
| r-patched-linux-x86_64 | 0.8.2 | 11.71 | 464.77 | 476.48 | OK | |
| r-release-linux-x86_64 | 0.8.2 | 13.65 | 466.56 | 480.21 | OK | |
| r-release-macos-arm64 | 0.8.2 | 6.00 | 191.00 | 197.00 | OK | |
| r-release-macos-x86_64 | 0.8.2 | 18.00 | 516.00 | 534.00 | OK | |
| r-release-windows-x86_64 | 0.8.2 | 13.00 | 414.00 | 427.00 | OK | |
| r-oldrel-macos-arm64 | 0.8.2 | 7.00 | 234.00 | 241.00 | OK | |
| r-oldrel-macos-x86_64 | 0.8.2 | 13.00 | 608.00 | 621.00 | NOTE | |
| r-oldrel-windows-x86_64 | 0.8.2 | 19.00 | 760.00 | 779.00 | OK | 
Version: 0.8.2
Check: installed package size
Result: NOTE
    installed size is  5.2Mb
    sub-directories of 1Mb or more:
      data   4.8Mb
Flavor: r-oldrel-macos-x86_64