Last updated on 2025-11-04 11:52:26 CET.
| Flavor | Version | Tinstall | Tcheck | Ttotal | Status | Flags | 
|---|---|---|---|---|---|---|
| r-devel-linux-x86_64-debian-clang | 1.7.7 | 2.07 | 33.84 | 35.91 | NOTE | |
| r-devel-linux-x86_64-debian-gcc | 1.7.7 | 1.85 | 26.96 | 28.81 | NOTE | |
| r-devel-linux-x86_64-fedora-clang | 1.7.7 | 52.62 | OK | |||
| r-devel-linux-x86_64-fedora-gcc | 1.7.7 | 15.00 | 49.51 | 64.51 | OK | |
| r-devel-windows-x86_64 | 1.7.7 | 3.00 | 62.00 | 65.00 | OK | |
| r-patched-linux-x86_64 | 1.7.7 | 2.53 | 32.26 | 34.79 | OK | |
| r-release-linux-x86_64 | 1.7.7 | 2.14 | 32.02 | 34.16 | OK | |
| r-release-macos-arm64 | 1.7.7 | 2.00 | 28.00 | 30.00 | OK | |
| r-release-macos-x86_64 | 1.7.7 | 2.00 | 49.00 | 51.00 | OK | |
| r-release-windows-x86_64 | 1.7.7 | 3.00 | 62.00 | 65.00 | OK | |
| r-oldrel-macos-arm64 | 1.7.7 | 1.00 | 30.00 | 31.00 | OK | |
| r-oldrel-macos-x86_64 | 1.7.7 | 2.00 | 38.00 | 40.00 | OK | |
| r-oldrel-windows-x86_64 | 1.7.7 | 6.00 | 70.00 | 76.00 | OK | 
Version: 1.7.7
Check: CRAN incoming feasibility
Result: NOTE
  Maintainer: ‘Jan Graffelman <jan.graffelman@upc.edu>’
  
  No Authors@R field in DESCRIPTION.
  Please add one, modifying
    Authors@R: person(given = "Jan",
                      family = "Graffelman",
                      role = c("aut", "cre"),
                      email = "jan.graffelman@upc.edu")
  as necessary.
  
  Package CITATION file contains call(s) to old-style personList() or
  as.personList().  Please use c() on person objects instead.
  Package CITATION file contains call(s) to old-style citEntry().  Please
  use bibentry() instead.
Flavors: r-devel-linux-x86_64-debian-clang, r-devel-linux-x86_64-debian-gcc