CRAN Package Check Results for Package cabinets

Last updated on 2025-02-20 17:50:24 CET.

Flavor Version Tinstall Tcheck Ttotal Status Flags
r-devel-linux-x86_64-debian-clang 0.6.0 2.06 23.01 25.07 OK
r-devel-linux-x86_64-debian-gcc 0.6.0 1.88 17.91 19.79 OK
r-devel-linux-x86_64-fedora-clang 0.6.0 40.85 OK
r-devel-linux-x86_64-fedora-gcc 0.6.0 39.87 OK
r-devel-macos-arm64 0.6.0 20.00 OK
r-devel-macos-x86_64 0.6.0 30.00 OK
r-devel-windows-x86_64 0.6.0 4.00 47.00 51.00 OK
r-patched-linux-x86_64 0.6.0 2.27 21.55 23.82 NOTE
r-release-linux-x86_64 0.6.0 2.69 21.78 24.47 NOTE
r-release-macos-arm64 0.6.0 20.00 NOTE
r-release-macos-x86_64 0.6.0 27.00 NOTE
r-release-windows-x86_64 0.6.0 5.00 3.00 8.00 FAIL
r-oldrel-macos-arm64 0.6.0 20.00 NOTE
r-oldrel-macos-x86_64 0.6.0 24.00 NOTE
r-oldrel-windows-x86_64 0.6.0 4.00 49.00 53.00 NOTE

Check Details

Version: 0.6.0
Check: LazyData
Result: NOTE 'LazyData' is specified without a 'data' directory Flavors: r-patched-linux-x86_64, r-release-linux-x86_64, r-release-macos-arm64, r-release-macos-x86_64, r-oldrel-macos-arm64, r-oldrel-macos-x86_64, r-oldrel-windows-x86_64

Version: 0.6.0
Check: package dependencies
Result: FAIL
Flavor: r-release-windows-x86_64

mirror server hosted at Truenetwork, Russian Federation.