Last updated on 2025-11-04 11:52:26 CET.
| Flavor | Version | Tinstall | Tcheck | Ttotal | Status | Flags | 
|---|---|---|---|---|---|---|
| r-devel-linux-x86_64-debian-clang | 0.1.5 | 8.14 | 122.00 | 130.14 | NOTE | |
| r-devel-linux-x86_64-debian-gcc | 0.1.5 | 5.74 | 89.79 | 95.53 | NOTE | |
| r-devel-linux-x86_64-fedora-clang | 0.1.5 | 19.00 | 195.80 | 214.80 | OK | |
| r-devel-linux-x86_64-fedora-gcc | 0.1.5 | 19.00 | 211.40 | 230.40 | OK | |
| r-devel-windows-x86_64 | 0.1.5 | 11.00 | 140.00 | 151.00 | OK | |
| r-patched-linux-x86_64 | 0.1.5 | 7.26 | 119.43 | 126.69 | OK | |
| r-release-linux-x86_64 | 0.1.5 | 9.11 | 118.75 | 127.86 | OK | |
| r-release-macos-arm64 | 0.1.5 | 4.00 | 90.00 | 94.00 | OK | |
| r-release-macos-x86_64 | 0.1.5 | 10.00 | 140.00 | 150.00 | OK | |
| r-release-windows-x86_64 | 0.1.5 | 10.00 | 139.00 | 149.00 | OK | |
| r-oldrel-macos-arm64 | 0.1.5 | 4.00 | 67.00 | 71.00 | OK | |
| r-oldrel-macos-x86_64 | 0.1.5 | 11.00 | 120.00 | 131.00 | OK | |
| r-oldrel-windows-x86_64 | 0.1.5 | 13.00 | 172.00 | 185.00 | OK | 
Version: 0.1.5
Check: CRAN incoming feasibility
Result: NOTE
  Maintainer: ‘Ziyi Li <zli16@mdanderson.org>’
  
  No Authors@R field in DESCRIPTION.
  Please add one, modifying
    Authors@R: person(given = "Ziyi",
                      family = "Li",
                      role = c("aut", "cre"),
                      email = "zli16@mdanderson.org")
  as necessary.
Flavors: r-devel-linux-x86_64-debian-clang, r-devel-linux-x86_64-debian-gcc