Last updated on 2025-02-21 17:50:38 CET.
Flavor | Version | Tinstall | Tcheck | Ttotal | Status | Flags |
---|---|---|---|---|---|---|
r-devel-linux-x86_64-debian-clang | 1.3.2 | 50.25 | 305.31 | 355.56 | NOTE | |
r-devel-linux-x86_64-debian-gcc | 1.3.2 | 36.35 | 255.44 | 291.79 | NOTE | |
r-devel-linux-x86_64-fedora-clang | 1.3.2 | 617.20 | NOTE | |||
r-devel-linux-x86_64-fedora-gcc | 1.3.2 | 592.93 | NOTE | |||
r-devel-macos-arm64 | 1.3.2 | 250.00 | NOTE | |||
r-devel-macos-x86_64 | 1.3.2 | 417.00 | NOTE | |||
r-devel-windows-x86_64 | 1.3.2 | 56.00 | 385.00 | 441.00 | NOTE | |
r-patched-linux-x86_64 | 1.3.2 | 52.25 | 281.72 | 333.97 | NOTE | |
r-release-linux-x86_64 | 1.3.2 | 55.27 | 280.82 | 336.09 | NOTE | |
r-release-macos-arm64 | 1.3.2 | 225.00 | NOTE | |||
r-release-macos-x86_64 | 1.3.2 | 320.00 | NOTE | |||
r-release-windows-x86_64 | 1.3.2 | 56.00 | 376.00 | 432.00 | NOTE | |
r-oldrel-macos-arm64 | 1.3.2 | 239.00 | NOTE | |||
r-oldrel-macos-x86_64 | 1.3.2 | 367.00 | NOTE | |||
r-oldrel-windows-x86_64 | 1.3.2 | 65.00 | 421.00 | 486.00 | NOTE |
Version: 1.3.2
Check: C++ specification
Result: NOTE
Specified C++11: please drop specification unless essential
Flavors: r-devel-linux-x86_64-debian-clang, r-devel-linux-x86_64-debian-gcc, r-devel-linux-x86_64-fedora-clang, r-devel-linux-x86_64-fedora-gcc, r-devel-macos-arm64, r-devel-macos-x86_64, r-devel-windows-x86_64, r-patched-linux-x86_64, r-release-linux-x86_64, r-release-macos-arm64, r-release-macos-x86_64, r-release-windows-x86_64, r-oldrel-macos-arm64, r-oldrel-macos-x86_64, r-oldrel-windows-x86_64
Version: 1.3.2
Check: installed package size
Result: NOTE
installed size is 5.2Mb
sub-directories of 1Mb or more:
libs 4.9Mb
Flavor: r-oldrel-macos-arm64