Last updated on 2025-02-22 11:51:21 CET.
Flavor | Version | Tinstall | Tcheck | Ttotal | Status | Flags |
---|---|---|---|---|---|---|
r-devel-linux-x86_64-debian-clang | 2.2.0 | 384.52 | 148.32 | 532.84 | OK | |
r-devel-linux-x86_64-debian-gcc | 2.2.0 | 368.63 | 131.36 | 499.99 | OK | |
r-devel-linux-x86_64-fedora-clang | 2.2.0 | 864.11 | ERROR | |||
r-devel-linux-x86_64-fedora-gcc | 2.2.0 | 964.86 | ERROR | |||
r-devel-macos-arm64 | 2.2.0 | 204.00 | OK | |||
r-devel-macos-x86_64 | 2.2.0 | 387.00 | OK | |||
r-devel-windows-x86_64 | 2.2.0 | 416.00 | 218.00 | 634.00 | OK | |
r-patched-linux-x86_64 | 2.2.0 | 485.32 | 175.15 | 660.47 | OK | |
r-release-linux-x86_64 | 2.2.0 | 480.44 | 176.25 | 656.69 | OK | |
r-release-macos-arm64 | 2.2.0 | 239.00 | NOTE | |||
r-release-macos-x86_64 | 2.2.0 | 433.00 | NOTE | |||
r-release-windows-x86_64 | 2.2.0 | 420.00 | 216.00 | 636.00 | OK | |
r-oldrel-macos-arm64 | 2.1.2 | 425.00 | NOTE | |||
r-oldrel-macos-x86_64 | 2.2.0 | 268.00 | NOTE | |||
r-oldrel-windows-x86_64 | 2.2.0 | 579.00 | 267.00 | 846.00 | NOTE |
Version: 2.2.0
Check: re-building of vignette outputs
Result: ERROR
Error(s) in re-building vignettes:
--- re-building ‘bvhar.Rmd’ using rmarkdown
OMP: Warning #96: Cannot form a team with 5 threads, using 2 instead.
OMP: Hint Consider unsetting KMP_DEVICE_THREAD_LIMIT (KMP_ALL_THREADS), KMP_TEAMS_THREAD_LIMIT, and OMP_THREAD_LIMIT (if any are set).
--- finished re-building ‘bvhar.Rmd’
--- re-building ‘forecasting.Rmd’ using rmarkdown
OMP: Warning #96: Cannot form a team with 5 threads, using 2 instead.
OMP: Hint Consider unsetting KMP_DEVICE_THREAD_LIMIT (KMP_ALL_THREADS), KMP_TEAMS_THREAD_LIMIT, and OMP_THREAD_LIMIT (if any are set).
** Processing: /data/gannet/ripley/R/packages/tests-clang/bvhar.Rcheck/vign_test/bvhar/vignettes/forecasting_files/figure-html/predplot-1.png
576x355 pixels, 3x8 bits/pixel, RGB
Input IDAT size = 42824 bytes
Input file size = 42962 bytes
Trying:
zc = 9 zm = 8 zs = 0 f = 0 IDAT size = 32310
zc = 9 zm = 8 zs = 1 f = 0
zc = 1 zm = 8 zs = 2 f = 0
zc = 9 zm = 8 zs = 3 f = 0
zc = 9 zm = 8 zs = 0 f = 5
zc = 9 zm = 8 zs = 1 f = 5
zc = 1 zm = 8 zs = 2 f = 5
zc = 9 zm = 8 zs = 3 f = 5
Selecting parameters:
zc = 9 zm = 8 zs = 0 f = 0 IDAT size = 32310
Output IDAT size = 32310 bytes (10514 bytes decrease)
Output file size = 32388 bytes (10574 bytes = 24.61% decrease)
** Processing: /data/gannet/ripley/R/packages/tests-clang/bvhar.Rcheck/vign_test/bvhar/vignettes/forecasting_files/figure-html/evalplot-1.png
576x355 pixels, 3x8 bits/pixel, RGB
Input IDAT size = 29389 bytes
Input file size = 29503 bytes
Trying:
zc = 9 zm = 8 zs = 0 f = 0 IDAT size = 25474
zc = 9 zm = 8 zs = 1 f = 0
zc = 1 zm = 8 zs = 2 f = 0
zc = 9 zm = 8 zs = 3 f = 0
zc = 9 zm = 8 zs = 0 f = 5
zc = 9 zm = 8 zs = 1 f = 5
zc = 1 zm = 8 zs = 2 f = 5
zc = 9 zm = 8 zs = 3 f = 5
Selecting parameters:
zc = 9 zm = 8 zs = 0 f = 0 IDAT size = 25474
Output IDAT size = 25474 bytes (3915 bytes decrease)
Output file size = 25552 bytes (3951 bytes = 13.39% decrease)
--- finished re-building ‘forecasting.Rmd’
--- re-building ‘minnesota.Rmd’ using rmarkdown
--- finished re-building ‘minnesota.Rmd’
--- re-building ‘shrinkage.Rmd’ using rmarkdown
** Processing: /data/gannet/ripley/R/packages/tests-clang/bvhar.Rcheck/vign_test/bvhar/vignettes/shrinkage_files/figure-html/heatssvs-1.png
576x355 pixels, 3x8 bits/pixel, RGB
Input IDAT size = 26576 bytes
Input file size = 26690 bytes
Trying:
zc = 9 zm = 8 zs = 0 f = 0 IDAT size = 20491
zc = 9 zm = 8 zs = 1 f = 0
zc = 1 zm = 8 zs = 2 f = 0
zc = 9 zm = 8 zs = 3 f = 0
zc = 9 zm = 8 zs = 0 f = 5
zc = 9 zm = 8 zs = 1 f = 5
zc = 1 zm = 8 zs = 2 f = 5
zc = 9 zm = 8 zs = 3 f = 5
Selecting parameters:
zc = 9 zm = 8 zs = 0 f = 0 IDAT size = 20491
Output IDAT size = 20491 bytes (6085 bytes decrease)
Output file size = 20569 bytes (6121 bytes = 22.93% decrease)
Quitting from lines 84-85 [fiths] (shrinkage.Rmd)
Error: processing vignette 'shrinkage.Rmd' failed with diagnostics:
'recursive' must be of length 1
--- failed re-building ‘shrinkage.Rmd’
--- re-building ‘stochastic-volatility.Rmd’ using rmarkdown
Quitting from lines 61-62 [svssvs] (stochastic-volatility.Rmd)
Error: processing vignette 'stochastic-volatility.Rmd' failed with diagnostics:
'recursive' must be of length 1
--- failed re-building ‘stochastic-volatility.Rmd’
SUMMARY: processing the following files failed:
‘shrinkage.Rmd’ ‘stochastic-volatility.Rmd’
Error: Vignette re-building failed.
Execution halted
Flavor: r-devel-linux-x86_64-fedora-clang
Version: 2.2.0
Check: re-building of vignette outputs
Result: ERROR
Error(s) in re-building vignettes:
--- re-building ‘bvhar.Rmd’ using rmarkdown
--- finished re-building ‘bvhar.Rmd’
--- re-building ‘forecasting.Rmd’ using rmarkdown
** Processing: /data/gannet/ripley/R/packages/tests-devel/bvhar.Rcheck/vign_test/bvhar/vignettes/forecasting_files/figure-html/predplot-1.png
576x355 pixels, 3x8 bits/pixel, RGB
Input IDAT size = 42824 bytes
Input file size = 42962 bytes
Trying:
zc = 9 zm = 8 zs = 0 f = 0 IDAT size = 32310
zc = 9 zm = 8 zs = 1 f = 0
zc = 1 zm = 8 zs = 2 f = 0
zc = 9 zm = 8 zs = 3 f = 0
zc = 9 zm = 8 zs = 0 f = 5
zc = 9 zm = 8 zs = 1 f = 5
zc = 1 zm = 8 zs = 2 f = 5
zc = 9 zm = 8 zs = 3 f = 5
Selecting parameters:
zc = 9 zm = 8 zs = 0 f = 0 IDAT size = 32310
Output IDAT size = 32310 bytes (10514 bytes decrease)
Output file size = 32388 bytes (10574 bytes = 24.61% decrease)
** Processing: /data/gannet/ripley/R/packages/tests-devel/bvhar.Rcheck/vign_test/bvhar/vignettes/forecasting_files/figure-html/evalplot-1.png
576x355 pixels, 3x8 bits/pixel, RGB
Input IDAT size = 29389 bytes
Input file size = 29503 bytes
Trying:
zc = 9 zm = 8 zs = 0 f = 0 IDAT size = 25474
zc = 9 zm = 8 zs = 1 f = 0
zc = 1 zm = 8 zs = 2 f = 0
zc = 9 zm = 8 zs = 3 f = 0
zc = 9 zm = 8 zs = 0 f = 5
zc = 9 zm = 8 zs = 1 f = 5
zc = 1 zm = 8 zs = 2 f = 5
zc = 9 zm = 8 zs = 3 f = 5
Selecting parameters:
zc = 9 zm = 8 zs = 0 f = 0 IDAT size = 25474
Output IDAT size = 25474 bytes (3915 bytes decrease)
Output file size = 25552 bytes (3951 bytes = 13.39% decrease)
--- finished re-building ‘forecasting.Rmd’
--- re-building ‘minnesota.Rmd’ using rmarkdown
--- finished re-building ‘minnesota.Rmd’
--- re-building ‘shrinkage.Rmd’ using rmarkdown
** Processing: /data/gannet/ripley/R/packages/tests-devel/bvhar.Rcheck/vign_test/bvhar/vignettes/shrinkage_files/figure-html/heatssvs-1.png
576x355 pixels, 3x8 bits/pixel, RGB
Input IDAT size = 26576 bytes
Input file size = 26690 bytes
Trying:
zc = 9 zm = 8 zs = 0 f = 0 IDAT size = 20491
zc = 9 zm = 8 zs = 1 f = 0
zc = 1 zm = 8 zs = 2 f = 0
zc = 9 zm = 8 zs = 3 f = 0
zc = 9 zm = 8 zs = 0 f = 5
zc = 9 zm = 8 zs = 1 f = 5
zc = 1 zm = 8 zs = 2 f = 5
zc = 9 zm = 8 zs = 3 f = 5
Selecting parameters:
zc = 9 zm = 8 zs = 0 f = 0 IDAT size = 20491
Output IDAT size = 20491 bytes (6085 bytes decrease)
Output file size = 20569 bytes (6121 bytes = 22.93% decrease)
Quitting from lines 84-85 [fiths] (shrinkage.Rmd)
Error: processing vignette 'shrinkage.Rmd' failed with diagnostics:
'recursive' must be of length 1
--- failed re-building ‘shrinkage.Rmd’
--- re-building ‘stochastic-volatility.Rmd’ using rmarkdown
Quitting from lines 61-62 [svssvs] (stochastic-volatility.Rmd)
Error: processing vignette 'stochastic-volatility.Rmd' failed with diagnostics:
'recursive' must be of length 1
--- failed re-building ‘stochastic-volatility.Rmd’
SUMMARY: processing the following files failed:
‘shrinkage.Rmd’ ‘stochastic-volatility.Rmd’
Error: Vignette re-building failed.
Execution halted
Flavor: r-devel-linux-x86_64-fedora-gcc
Version: 2.2.0
Check: installed package size
Result: NOTE
installed size is 133.6Mb
sub-directories of 1Mb or more:
libs 131.6Mb
Flavors: r-release-macos-arm64, r-release-macos-x86_64, r-oldrel-macos-x86_64, r-oldrel-windows-x86_64
Version: 2.1.2
Check: installed package size
Result: NOTE
installed size is 153.8Mb
sub-directories of 1Mb or more:
libs 151.7Mb
Flavor: r-oldrel-macos-arm64