CRAN Package Check Results for Package bursa

Last updated on 2025-05-28 00:48:56 CEST.

Flavor Version Tinstall Tcheck Ttotal Status Flags
r-devel-linux-x86_64-debian-clang 0.1.0 1.71 19.34 21.05 NOTE
r-devel-linux-x86_64-debian-gcc 0.1.0 1.44 15.91 17.35 NOTE
r-devel-linux-x86_64-fedora-clang 0.1.0 33.00 NOTE
r-devel-linux-x86_64-fedora-gcc 0.1.0 31.65 NOTE
r-devel-windows-x86_64 0.1.0 4.00 39.00 43.00 NOTE
r-patched-linux-x86_64 0.1.0 1.72 18.41 20.13 NOTE
r-release-linux-x86_64 0.1.0 1.19 18.65 19.84 NOTE
r-release-macos-arm64 0.1.0 17.00 NOTE
r-release-macos-x86_64 0.1.0 24.00 NOTE
r-release-windows-x86_64 0.1.0 3.00 41.00 44.00 NOTE
r-oldrel-macos-arm64 0.1.0 16.00 OK
r-oldrel-macos-x86_64 0.1.0 23.00 OK
r-oldrel-windows-x86_64 0.1.0 4.00 46.00 50.00 OK

Additional issues

donttest

Check Details

Version: 0.1.0
Check: DESCRIPTION meta-information
Result: NOTE Missing dependency on R >= 4.1.0 because package code uses the pipe |> or function shorthand \(...) syntax added in R 4.1.0. File(s) using such syntax: ‘get_data_from_bursa.R’ ‘list_data_names.R’ Flavors: r-devel-linux-x86_64-debian-clang, r-devel-linux-x86_64-debian-gcc, r-devel-linux-x86_64-fedora-clang, r-devel-linux-x86_64-fedora-gcc, r-devel-windows-x86_64, r-patched-linux-x86_64, r-release-linux-x86_64, r-release-macos-arm64, r-release-macos-x86_64, r-release-windows-x86_64

mirror server hosted at Truenetwork, Russian Federation.