Last updated on 2025-02-21 17:50:37 CET.
Flavor | Version | Tinstall | Tcheck | Ttotal | Status | Flags |
---|---|---|---|---|---|---|
r-devel-linux-x86_64-debian-clang | 3.2 | 191.02 | 185.76 | 376.78 | OK | |
r-devel-linux-x86_64-debian-gcc | 3.2 | 142.05 | 153.46 | 295.51 | OK | |
r-devel-linux-x86_64-fedora-clang | 3.2 | 657.47 | OK | |||
r-devel-linux-x86_64-fedora-gcc | 3.2 | 693.66 | OK | |||
r-devel-macos-arm64 | 3.2 | 237.00 | OK | |||
r-devel-macos-x86_64 | 3.2 | 390.00 | OK | |||
r-devel-windows-x86_64 | 3.2 | 190.00 | 312.00 | 502.00 | OK | |
r-patched-linux-x86_64 | 3.2 | 203.21 | 181.77 | 384.98 | OK | |
r-release-linux-x86_64 | 3.2 | 198.62 | 182.68 | 381.30 | OK | |
r-release-macos-arm64 | 3.2 | 241.00 | NOTE | |||
r-release-macos-x86_64 | 3.2 | 329.00 | NOTE | |||
r-release-windows-x86_64 | 3.2 | 195.00 | 311.00 | 506.00 | OK | |
r-oldrel-macos-arm64 | 3.2 | 227.00 | NOTE | |||
r-oldrel-macos-x86_64 | 3.2 | 292.00 | NOTE | |||
r-oldrel-windows-x86_64 | 3.2 | 232.00 | 334.00 | 566.00 | OK |
Version: 3.2
Check: installed package size
Result: NOTE
installed size is 15.6Mb
sub-directories of 1Mb or more:
libs 13.3Mb
Flavors: r-release-macos-arm64, r-release-macos-x86_64, r-oldrel-macos-arm64, r-oldrel-macos-x86_64