Last updated on 2025-05-27 18:49:46 CEST.
Flavor | Version | Tinstall | Tcheck | Ttotal | Status | Flags |
---|---|---|---|---|---|---|
r-devel-linux-x86_64-debian-clang | 2.0 | 119.11 | 48.74 | 167.85 | OK | |
r-devel-linux-x86_64-debian-gcc | 2.0 | 84.90 | 36.45 | 121.35 | OK | |
r-devel-linux-x86_64-fedora-clang | 2.0 | 321.36 | OK | |||
r-devel-linux-x86_64-fedora-gcc | 2.0 | 298.61 | OK | |||
r-devel-windows-x86_64 | 2.0 | 132.00 | 100.00 | 232.00 | OK | |
r-patched-linux-x86_64 | 2.0 | 126.26 | 44.70 | 170.96 | OK | |
r-release-linux-x86_64 | 2.0 | 120.26 | 45.00 | 165.26 | OK | |
r-release-macos-arm64 | 2.0 | 89.00 | OK | |||
r-release-macos-x86_64 | 2.0 | 104.00 | OK | |||
r-release-windows-x86_64 | 2.0 | 133.00 | 111.00 | 244.00 | OK | |
r-oldrel-macos-arm64 | 2.0 | 74.00 | NOTE | |||
r-oldrel-macos-x86_64 | 2.0 | 138.00 | NOTE | |||
r-oldrel-windows-x86_64 | 2.0 | 156.00 | 118.00 | 274.00 | OK |
Version: 2.0
Check: installed package size
Result: NOTE
installed size is 9.1Mb
sub-directories of 1Mb or more:
libs 8.0Mb
Flavors: r-oldrel-macos-arm64, r-oldrel-macos-x86_64