Last updated on 2025-11-04 11:52:26 CET.
| Flavor | Version | Tinstall | Tcheck | Ttotal | Status | Flags | 
|---|---|---|---|---|---|---|
| r-devel-linux-x86_64-debian-clang | 0.9.11 | 89.49 | 103.04 | 192.53 | OK | |
| r-devel-linux-x86_64-debian-gcc | 0.9.11 | 68.62 | 73.73 | 142.35 | OK | |
| r-devel-linux-x86_64-fedora-clang | 0.9.11 | 201.00 | 144.50 | 345.50 | OK | |
| r-devel-linux-x86_64-fedora-gcc | 0.9.11 | 224.00 | 123.94 | 347.94 | OK | |
| r-devel-windows-x86_64 | 0.9.11 | 114.00 | 208.00 | 322.00 | OK | |
| r-patched-linux-x86_64 | 0.9.11 | 102.87 | 100.88 | 203.75 | OK | |
| r-release-linux-x86_64 | 0.9.11 | 98.84 | 100.70 | 199.54 | OK | |
| r-release-macos-arm64 | 0.9.11 | 41.00 | 45.00 | 86.00 | OK | |
| r-release-macos-x86_64 | 0.9.11 | 60.00 | 150.00 | 210.00 | OK | |
| r-release-windows-x86_64 | 0.9.11 | 114.00 | 211.00 | 325.00 | OK | |
| r-oldrel-macos-arm64 | 0.9.10 | 38.00 | 44.00 | 82.00 | NOTE | |
| r-oldrel-macos-x86_64 | 0.9.10 | 37.00 | 86.00 | 123.00 | NOTE | |
| r-oldrel-windows-x86_64 | 0.9.10 | 138.00 | 210.00 | 348.00 | NOTE | 
Version: 0.9.10
Check: installed package size
Result: NOTE
    installed size is 110.8Mb
    sub-directories of 1Mb or more:
      libs  109.9Mb
Flavors: r-oldrel-macos-arm64, r-oldrel-macos-x86_64, r-oldrel-windows-x86_64