Last updated on 2025-02-21 17:50:37 CET.
Flavor | Version | Tinstall | Tcheck | Ttotal | Status | Flags |
---|---|---|---|---|---|---|
r-devel-linux-x86_64-debian-clang | 2.0.2 | 479.84 | 392.47 | 872.31 | OK | |
r-devel-linux-x86_64-debian-gcc | 2.0.2 | 342.65 | 222.80 | 565.45 | OK | |
r-devel-linux-x86_64-fedora-clang | 2.0.2 | 1587.42 | OK | |||
r-devel-linux-x86_64-fedora-gcc | 2.0.2 | 1534.25 | OK | |||
r-devel-macos-arm64 | 2.0.2 | 338.00 | OK | |||
r-devel-macos-x86_64 | 2.0.2 | 380.00 | OK | |||
r-devel-windows-x86_64 | 2.0.2 | 484.00 | 413.00 | 897.00 | OK | |
r-patched-linux-x86_64 | 2.0.2 | 475.48 | 308.17 | 783.65 | OK | |
r-release-linux-x86_64 | 2.0.2 | 493.93 | 311.69 | 805.62 | OK | |
r-release-macos-arm64 | 2.0.2 | 320.00 | NOTE | |||
r-release-macos-x86_64 | 2.0.2 | 386.00 | NOTE | |||
r-release-windows-x86_64 | 2.0.2 | 491.00 | 417.00 | 908.00 | NOTE | |
r-oldrel-macos-arm64 | 2.0.2 | 348.00 | NOTE | |||
r-oldrel-macos-x86_64 | 2.0.2 | 561.00 | NOTE | |||
r-oldrel-windows-x86_64 | 2.0.2 | 594.00 | 478.00 | 1072.00 | NOTE |
Version: 2.0.2
Check: installed package size
Result: NOTE
installed size is 31.9Mb
sub-directories of 1Mb or more:
data 1.1Mb
doc 2.8Mb
libs 27.4Mb
Flavors: r-release-macos-arm64, r-release-macos-x86_64, r-release-windows-x86_64, r-oldrel-macos-arm64, r-oldrel-macos-x86_64, r-oldrel-windows-x86_64