CRAN Package Check Results for Package bsreg

Last updated on 2025-07-16 07:49:01 CEST.

Flavor Version Tinstall Tcheck Ttotal Status Flags
r-devel-linux-x86_64-debian-clang 0.0.2 10.08 25.79 35.87 OK
r-devel-linux-x86_64-debian-gcc 0.0.2 6.18 20.41 26.59 OK
r-devel-linux-x86_64-fedora-clang 0.0.2 52.89 NOTE
r-devel-linux-x86_64-fedora-gcc 0.0.2 52.49 NOTE
r-devel-windows-x86_64 0.0.2 10.00 47.00 57.00 OK
r-patched-linux-x86_64 0.0.2 9.84 24.11 33.95 OK
r-release-linux-x86_64 0.0.2 9.59 23.45 33.04 OK
r-release-macos-arm64 0.0.2 23.00 OK
r-release-macos-x86_64 0.0.2 35.00 OK
r-release-windows-x86_64 0.0.2 9.00 56.00 65.00 OK
r-oldrel-macos-arm64 0.0.2 20.00 OK
r-oldrel-macos-x86_64 0.0.2 29.00 OK
r-oldrel-windows-x86_64 0.0.2 13.00 52.00 65.00 OK

Check Details

Version: 0.0.2
Check: dependencies in R code
Result: NOTE Namespaces in Imports field not imported from: ‘Matrix’ ‘grDevices’ ‘graphics’ All declared Imports should be used. Flavors: r-devel-linux-x86_64-fedora-clang, r-devel-linux-x86_64-fedora-gcc

mirror server hosted at Truenetwork, Russian Federation.