CRAN Package Check Results for Package bspmma

Last updated on 2025-05-27 18:49:46 CEST.

Flavor Version Tinstall Tcheck Ttotal Status Flags
r-devel-linux-x86_64-debian-clang 0.1-2 2.36 24.29 26.65 NOTE
r-devel-linux-x86_64-debian-gcc 0.1-2 2.07 18.70 20.77 NOTE
r-devel-linux-x86_64-fedora-clang 0.1-2 42.16 OK
r-devel-linux-x86_64-fedora-gcc 0.1-2 40.53 OK
r-devel-windows-x86_64 0.1-2 4.00 44.00 48.00 OK
r-patched-linux-x86_64 0.1-2 3.34 23.45 26.79 OK
r-release-linux-x86_64 0.1-2 2.67 23.58 26.25 OK
r-release-macos-arm64 0.1-2 16.00 OK
r-release-macos-x86_64 0.1-2 30.00 OK
r-release-windows-x86_64 0.1-2 6.00 45.00 51.00 OK
r-oldrel-macos-arm64 0.1-2 20.00 OK
r-oldrel-macos-x86_64 0.1-2 26.00 OK
r-oldrel-windows-x86_64 0.1-2 4.00 44.00 48.00 OK

Check Details

Version: 0.1-2
Check: CRAN incoming feasibility
Result: NOTE Maintainer: ‘Deborah Burr <burr@stat.ufl.edu>’ No Authors@R field in DESCRIPTION. Please add one, modifying Authors@R: person(given = "Deborah", family = "Burr", role = c("aut", "cre"), email = "burr@stat.ufl.edu") as necessary. Package CITATION file contains call(s) to old-style personList() or as.personList(). Please use c() on person objects instead. Package CITATION file contains call(s) to old-style citEntry(). Please use bibentry() instead. Flavors: r-devel-linux-x86_64-debian-clang, r-devel-linux-x86_64-debian-gcc

mirror server hosted at Truenetwork, Russian Federation.