Last updated on 2025-11-04 05:51:06 CET.
| Flavor | Version | Tinstall | Tcheck | Ttotal | Status | Flags | 
|---|---|---|---|---|---|---|
| r-devel-linux-x86_64-debian-clang | 0.6.0 | 23.88 | 190.96 | 214.84 | OK | |
| r-devel-linux-x86_64-debian-gcc | 0.6.0 | 15.93 | 139.42 | 155.35 | OK | |
| r-devel-linux-x86_64-fedora-clang | 0.6.0 | 98.00 | 257.27 | 355.27 | OK | |
| r-devel-linux-x86_64-fedora-gcc | 0.6.0 | 54.00 | 271.86 | 325.86 | OK | |
| r-devel-windows-x86_64 | 0.6.0 | 15.00 | 104.00 | 119.00 | NOTE | |
| r-patched-linux-x86_64 | 0.6.0 | 23.04 | 183.18 | 206.22 | OK | |
| r-release-linux-x86_64 | 0.6.0 | 21.62 | 179.83 | 201.45 | OK | |
| r-release-macos-arm64 | 0.6.0 | 5.00 | 42.00 | 47.00 | OK | |
| r-release-macos-x86_64 | 0.6.0 | 14.00 | 75.00 | 89.00 | OK | |
| r-release-windows-x86_64 | 0.6.0 | 15.00 | 105.00 | 120.00 | NOTE | |
| r-oldrel-macos-arm64 | 0.6.0 | 5.00 | 45.00 | 50.00 | OK | |
| r-oldrel-macos-x86_64 | 0.6.0 | 10.00 | 87.00 | 97.00 | OK | |
| r-oldrel-windows-x86_64 | 0.6.0 | 20.00 | 141.00 | 161.00 | NOTE | 
Version: 0.6.0
Check: whether startup messages can be suppressed
Result: NOTE
  Torch libraries are installed but loading them was unsuccessful.
  
  It looks like this package (or a package it requires) has a startup
  message which cannot be suppressed: see ?packageStartupMessage.
Flavors: r-devel-windows-x86_64, r-release-windows-x86_64, r-oldrel-windows-x86_64