Last updated on 2025-11-04 11:52:26 CET.
| Flavor | Version | Tinstall | Tcheck | Ttotal | Status | Flags | 
|---|---|---|---|---|---|---|
| r-devel-linux-x86_64-debian-clang | 1.1.1 | 39.29 | 446.55 | 485.84 | NOTE | |
| r-devel-linux-x86_64-debian-gcc | 1.1.1 | 29.13 | 283.23 | 312.36 | NOTE | |
| r-devel-linux-x86_64-fedora-clang | 1.1.1 | 94.00 | 710.59 | 804.59 | NOTE | |
| r-devel-linux-x86_64-fedora-gcc | 1.1.1 | 73.00 | 700.66 | 773.66 | NOTE | |
| r-devel-windows-x86_64 | 1.1.1 | 31.00 | 378.00 | 409.00 | NOTE | |
| r-patched-linux-x86_64 | 1.1.1 | 40.21 | 426.72 | 466.93 | NOTE | |
| r-release-linux-x86_64 | 1.1.1 | 37.63 | 425.84 | 463.47 | NOTE | |
| r-release-macos-arm64 | 1.1.1 | 11.00 | 183.00 | 194.00 | NOTE | |
| r-release-macos-x86_64 | 1.1.1 | 23.00 | 409.00 | 432.00 | NOTE | |
| r-release-windows-x86_64 | 1.1.1 | 31.00 | 369.00 | 400.00 | NOTE | |
| r-oldrel-macos-arm64 | 1.1.1 | 11.00 | 129.00 | 140.00 | OK | |
| r-oldrel-macos-x86_64 | 1.1.1 | 37.00 | 273.00 | 310.00 | OK | |
| r-oldrel-windows-x86_64 | 1.1.1 | 45.00 | 530.00 | 575.00 | OK | 
Version: 1.1.1
Check: DESCRIPTION meta-information
Result: NOTE
    Missing dependency on R >= 4.1.0 because package code uses the pipe
    |> or function shorthand \(...) syntax added in R 4.1.0.
    File(s) using such syntax:
      ‘brm_archetype_average_cells.Rd’ ‘brm_archetype_average_effects.Rd’
      ‘brm_archetype_cells.Rd’ ‘brm_archetype_effects.Rd’
      ‘brm_archetype_successive_cells.Rd’
      ‘brm_archetype_successive_effects.Rd’ ‘brm_formula.Rd’
      ‘brm_prior_archetype.Rd’ ‘brm_prior_label.Rd’ ‘brm_prior_template.Rd’
      ‘brm_recenter_nuisance.Rd’ ‘summary.brms_mmrm_archetype.Rd’
      ‘utils_archetype.R’
Flavors: r-devel-linux-x86_64-debian-clang, r-devel-linux-x86_64-debian-gcc, r-devel-linux-x86_64-fedora-clang, r-devel-linux-x86_64-fedora-gcc, r-devel-windows-x86_64, r-patched-linux-x86_64, r-release-linux-x86_64, r-release-macos-arm64, r-release-windows-x86_64
Version: 1.1.1
Check: DESCRIPTION meta-information
Result: NOTE
    Missing dependency on R >= 4.1.0 because package code uses the pipe
    |> or function shorthand \(...) syntax added in R 4.1.0.
    File(s) using such syntax:
      ‘utils_archetype.R’
Flavor: r-release-macos-x86_64