CRAN Package Check Results for Package breathteststan

Last updated on 2025-11-03 11:49:37 CET.

Flavor Version Tinstall Tcheck Ttotal Status Flags
r-devel-linux-x86_64-debian-clang 0.8.9 132.68 172.46 305.14 OK
r-devel-linux-x86_64-debian-gcc 0.8.9 114.69 134.57 249.26 OK
r-devel-linux-x86_64-fedora-clang 0.8.9 242.00 226.03 468.03 OK
r-devel-linux-x86_64-fedora-gcc 0.8.9 348.00 184.38 532.38 OK
r-devel-windows-x86_64 0.8.9 150.00 178.00 328.00 OK
r-patched-linux-x86_64 0.8.9 157.09 177.19 334.28 OK
r-release-linux-x86_64 0.8.9 152.09 178.49 330.58 OK
r-release-macos-arm64 0.8.9 57.00 56.00 113.00 OK
r-release-macos-x86_64 0.8.9 162.00 115.00 277.00 OK
r-release-windows-x86_64 0.8.9 151.00 172.00 323.00 OK
r-oldrel-macos-arm64 0.8.9 60.00 59.00 119.00 NOTE
r-oldrel-macos-x86_64 0.8.9 92.00 70.00 162.00 NOTE
r-oldrel-windows-x86_64 0.8.9 172.00 228.00 400.00 OK

Check Details

Version: 0.8.9
Check: installed package size
Result: NOTE installed size is 45.3Mb sub-directories of 1Mb or more: libs 45.0Mb Flavors: r-oldrel-macos-arm64, r-oldrel-macos-x86_64

Version: 0.8.9
Check: for GNU extensions in Makefiles
Result: NOTE GNU make is a SystemRequirements. Flavors: r-oldrel-macos-arm64, r-oldrel-macos-x86_64

mirror server hosted at Truenetwork, Russian Federation.