CRAN Package Check Results for Package brea

Last updated on 2025-07-16 07:49:01 CEST.

Flavor Version Tinstall Tcheck Ttotal Status Flags
r-devel-linux-x86_64-debian-clang 0.3.1 2.75 49.29 52.04 NOTE
r-devel-linux-x86_64-debian-gcc 0.3.1 2.05 34.25 36.30 NOTE
r-devel-linux-x86_64-fedora-clang 0.3.1 84.97 OK
r-devel-linux-x86_64-fedora-gcc 0.3.1 95.62 OK
r-devel-windows-x86_64 0.3.1 4.00 63.00 67.00 OK
r-patched-linux-x86_64 0.3.1 2.40 45.20 47.60 OK
r-release-linux-x86_64 0.3.1 2.71 45.62 48.33 OK
r-release-macos-arm64 0.3.1 32.00 OK
r-release-macos-x86_64 0.3.1 73.00 OK
r-release-windows-x86_64 0.3.1 5.00 69.00 74.00 OK
r-oldrel-macos-arm64 0.3.1 33.00 OK
r-oldrel-macos-x86_64 0.3.1 119.00 OK
r-oldrel-windows-x86_64 0.3.1 4.00 78.00 82.00 OK

Check Details

Version: 0.3.1
Check: CRAN incoming feasibility
Result: NOTE Maintainer: ‘Adam J King <king@cpp.edu>’ No Authors@R field in DESCRIPTION. Please add one, modifying Authors@R: person(given = c("Adam", "J"), family = "King", role = c("aut", "cre"), email = "king@cpp.edu") as necessary. Flavors: r-devel-linux-x86_64-debian-clang, r-devel-linux-x86_64-debian-gcc

mirror server hosted at Truenetwork, Russian Federation.