CRAN Package Check Results for Package brainKCCA

Last updated on 2025-05-27 18:49:45 CEST.

Flavor Version Tinstall Tcheck Ttotal Status Flags
r-devel-linux-x86_64-debian-clang 0.1.0 8.95 62.12 71.07 OK
r-devel-linux-x86_64-debian-gcc 0.1.0 6.39 47.28 53.67 OK
r-devel-linux-x86_64-fedora-clang 0.1.0 113.61 NOTE
r-devel-linux-x86_64-fedora-gcc 0.1.0 122.41 NOTE
r-devel-windows-x86_64 0.1.0 11.00 89.00 100.00 OK
r-patched-linux-x86_64 0.1.0 8.35 59.26 67.61 OK
r-release-linux-x86_64 0.1.0 8.04 59.57 67.61 OK
r-release-macos-arm64 0.1.0 55.00 OK
r-release-macos-x86_64 0.1.0 81.00 OK
r-release-windows-x86_64 0.1.0 11.00 87.00 98.00 OK
r-oldrel-macos-arm64 0.1.0 56.00 OK
r-oldrel-macos-x86_64 0.1.0 80.00 OK
r-oldrel-windows-x86_64 0.1.0 14.00 100.00 114.00 OK

Check Details

Version: 0.1.0
Check: dependencies in R code
Result: NOTE Namespaces in Imports field not imported from: ‘CCA’ ‘brainR’ ‘elasticnet’ All declared Imports should be used. Flavors: r-devel-linux-x86_64-fedora-clang, r-devel-linux-x86_64-fedora-gcc

mirror server hosted at Truenetwork, Russian Federation.