CRAN Package Check Results for Package bp

Last updated on 2025-05-28 00:48:56 CEST.

Flavor Version Tinstall Tcheck Ttotal Status Flags
r-devel-linux-x86_64-debian-clang 2.1.0 11.47 111.14 122.61 NOTE
r-devel-linux-x86_64-debian-gcc 2.1.0 8.11 75.87 83.98 NOTE
r-devel-linux-x86_64-fedora-clang 2.1.0 186.90 NOTE
r-devel-linux-x86_64-fedora-gcc 2.1.0 193.01 NOTE
r-devel-windows-x86_64 2.1.0 13.00 117.00 130.00 NOTE
r-patched-linux-x86_64 2.1.0 11.17 105.33 116.50 NOTE
r-release-linux-x86_64 2.1.0 10.63 104.44 115.07 NOTE
r-release-macos-arm64 2.1.0 67.00 NOTE
r-release-macos-x86_64 2.1.0 156.00 NOTE
r-release-windows-x86_64 2.1.0 15.00 119.00 134.00 NOTE
r-oldrel-macos-arm64 2.1.0 54.00 NOTE
r-oldrel-macos-x86_64 2.1.0 124.00 NOTE
r-oldrel-windows-x86_64 2.1.0 18.00 148.00 166.00 NOTE

Check Details

Version: 2.1.0
Check: Rd files
Result: NOTE checkRd: (-1) bp_rats.Rd:41: Escaped LaTeX specials: \& checkRd: (-1) bp_sv.Rd:75: Lost braces; missing escapes or markup? 75 | $$SV = sqrt(sum(x_{i+1} - x_i)^2/n-1)$$ | ^ checkRd: (-1) bp_sv.Rd:80: Lost braces; missing escapes or markup? 80 | $$SD = sqrt(sum(x_{i+1} - xbar)^2/n-1)$$ | ^ checkRd: (-1) sv.Rd:78: Lost braces; missing escapes or markup? 78 | $$SV = sqrt(sum(x_{i+1} - x_i)^2/n-1)$$ | ^ checkRd: (-1) sv.Rd:82: Lost braces; missing escapes or markup? 82 | $$SD = sqrt(sum(x_{i+1} - xbar)^2/n-1)$$ | ^ Flavors: r-devel-linux-x86_64-debian-clang, r-devel-linux-x86_64-debian-gcc, r-devel-linux-x86_64-fedora-clang, r-devel-linux-x86_64-fedora-gcc, r-devel-windows-x86_64, r-patched-linux-x86_64, r-release-linux-x86_64, r-release-macos-arm64, r-release-macos-x86_64, r-release-windows-x86_64, r-oldrel-macos-arm64, r-oldrel-macos-x86_64, r-oldrel-windows-x86_64

Version: 2.1.0
Check: Rd cross-references
Result: NOTE Found the following Rd file(s) with Rd \link{} targets missing package anchors: bp_report.Rd: grid.arrange Please provide package anchors for all Rd \link{} targets not in the package itself and the base packages. Flavors: r-devel-linux-x86_64-debian-clang, r-devel-linux-x86_64-debian-gcc, r-devel-windows-x86_64, r-patched-linux-x86_64, r-release-linux-x86_64, r-release-windows-x86_64

Version: 2.1.0
Check: installed package size
Result: NOTE installed size is 5.0Mb sub-directories of 1Mb or more: data 4.4Mb Flavor: r-oldrel-macos-x86_64

mirror server hosted at Truenetwork, Russian Federation.