Last updated on 2025-11-03 23:50:12 CET.
| Flavor | Version | Tinstall | Tcheck | Ttotal | Status | Flags | 
|---|---|---|---|---|---|---|
| r-devel-linux-x86_64-debian-clang | 1.2.0 | 210.79 | 65.08 | 275.87 | OK | |
| r-devel-linux-x86_64-debian-gcc | 1.3.0 | 214.26 | 67.06 | 281.32 | OK | |
| r-devel-linux-x86_64-fedora-clang | 1.3.0 | 197.00 | 285.41 | 482.41 | OK | |
| r-devel-linux-x86_64-fedora-gcc | 1.3.0 | 484.00 | 260.57 | 744.57 | OK | |
| r-devel-windows-x86_64 | 1.2.0 | 239.00 | 148.00 | 387.00 | OK | |
| r-patched-linux-x86_64 | 1.2.0 | 270.80 | 70.46 | 341.26 | OK | |
| r-release-linux-x86_64 | 1.2.0 | 271.46 | 70.51 | 341.97 | OK | |
| r-release-macos-arm64 | 1.3.0 | 102.00 | 104.00 | 206.00 | OK | |
| r-release-macos-x86_64 | 1.3.0 | 183.00 | 109.00 | 292.00 | OK | |
| r-release-windows-x86_64 | 1.2.0 | 246.00 | 150.00 | 396.00 | OK | |
| r-oldrel-macos-arm64 | 1.3.0 | 108.00 | 55.00 | 163.00 | NOTE | |
| r-oldrel-macos-x86_64 | 1.3.0 | 171.00 | 117.00 | 288.00 | NOTE | |
| r-oldrel-windows-x86_64 | 1.2.0 | 242.00 | 187.00 | 429.00 | NOTE | 
Version: 1.3.0
Check: installed package size
Result: NOTE
    installed size is 39.1Mb
    sub-directories of 1Mb or more:
      libs  37.9Mb
Flavors: r-oldrel-macos-arm64, r-oldrel-macos-x86_64
Version: 1.2.0
Check: installed package size
Result: NOTE
    installed size is  6.8Mb
    sub-directories of 1Mb or more:
      libs   5.9Mb
Flavor: r-oldrel-windows-x86_64