Last updated on 2025-07-16 00:49:37 CEST.
Flavor | Version | Tinstall | Tcheck | Ttotal | Status | Flags |
---|---|---|---|---|---|---|
r-devel-linux-x86_64-debian-clang | 1.0.0 | 142.37 | 35.09 | 177.46 | OK | |
r-devel-linux-x86_64-debian-gcc | 1.0.0 | 113.24 | 55.28 | 168.52 | OK | |
r-devel-linux-x86_64-fedora-clang | 1.0.0 | 320.24 | OK | |||
r-devel-linux-x86_64-fedora-gcc | 1.0.0 | 369.06 | OK | |||
r-devel-windows-x86_64 | 1.0.0 | 154.00 | 91.00 | 245.00 | OK | |
r-patched-linux-x86_64 | 1.0.0 | 160.11 | 72.51 | 232.62 | OK | |
r-release-linux-x86_64 | 1.0.0 | 153.76 | 72.63 | 226.39 | OK | |
r-release-macos-arm64 | 1.0.0 | 68.00 | OK | |||
r-release-macos-x86_64 | 1.0.0 | 103.00 | OK | |||
r-release-windows-x86_64 | 1.0.0 | 156.00 | 95.00 | 251.00 | OK | |
r-oldrel-macos-arm64 | 1.0.0 | 12.00 | ERROR | |||
r-oldrel-macos-x86_64 | 1.0.0 | 97.00 | NOTE | |||
r-oldrel-windows-x86_64 | 1.0.0 | 193.00 | 104.00 | 297.00 | OK |
Version: 1.0.0
Check: whether package can be installed
Result: ERROR
Installation failed.
Flavor: r-oldrel-macos-arm64
Version: 1.0.0
Check: installed package size
Result: NOTE
installed size is 13.2Mb
sub-directories of 1Mb or more:
libs 12.3Mb
Flavor: r-oldrel-macos-x86_64