Last updated on 2025-07-16 00:49:37 CEST.
Flavor | Version | Tinstall | Tcheck | Ttotal | Status | Flags |
---|---|---|---|---|---|---|
r-devel-linux-x86_64-debian-clang | 0.1 | 17.57 | 149.71 | 167.28 | OK | |
r-devel-linux-x86_64-debian-gcc | 0.1 | 13.79 | 113.99 | 127.78 | OK | |
r-devel-linux-x86_64-fedora-clang | 0.1 | 267.18 | OK | |||
r-devel-linux-x86_64-fedora-gcc | 0.1 | 254.33 | OK | |||
r-devel-windows-x86_64 | 0.1 | 16.00 | 157.00 | 173.00 | OK | |
r-patched-linux-x86_64 | 0.1 | 19.81 | 143.23 | 163.04 | OK | |
r-release-linux-x86_64 | 0.1 | 16.75 | 142.76 | 159.51 | OK | |
r-release-macos-arm64 | 0.1 | 105.00 | OK | |||
r-release-macos-x86_64 | 0.1 | 133.00 | OK | |||
r-release-windows-x86_64 | 0.1 | 19.00 | 184.00 | 203.00 | OK | |
r-oldrel-macos-arm64 | 0.1 | 108.00 | NOTE | |||
r-oldrel-macos-x86_64 | 0.1 | 147.00 | NOTE | |||
r-oldrel-windows-x86_64 | 0.1 | 23.00 | 193.00 | 216.00 | NOTE |
Version: 0.1
Check: package dependencies
Result: NOTE
Depends: includes the non-default packages:
'tseries', 'fGarch', 'timeSeries', 'timeDate', 'fBasics', 'geoR'
Adding so many packages to the search path is excessive and importing
selectively is preferable.
Flavors: r-oldrel-macos-arm64, r-oldrel-macos-x86_64, r-oldrel-windows-x86_64