Last updated on 2025-07-16 07:49:01 CEST.
Flavor | Version | Tinstall | Tcheck | Ttotal | Status | Flags |
---|---|---|---|---|---|---|
r-devel-linux-x86_64-debian-clang | 0.1.1 | 7.85 | 38.55 | 46.40 | NOTE | |
r-devel-linux-x86_64-debian-gcc | 0.1.1 | 6.38 | 28.65 | 35.03 | NOTE | |
r-devel-linux-x86_64-fedora-clang | 0.1.1 | 71.37 | NOTE | |||
r-devel-linux-x86_64-fedora-gcc | 0.1.1 | 82.97 | NOTE | |||
r-devel-windows-x86_64 | 0.1.1 | 9.00 | 55.00 | 64.00 | NOTE | |
r-patched-linux-x86_64 | 0.1.1 | 7.79 | 37.40 | 45.19 | NOTE | |
r-release-linux-x86_64 | 0.1.1 | 7.69 | 36.81 | 44.50 | NOTE | |
r-release-macos-arm64 | 0.1.1 | 33.00 | NOTE | |||
r-release-macos-x86_64 | 0.1.1 | 62.00 | NOTE | |||
r-release-windows-x86_64 | 0.1.1 | 11.00 | 61.00 | 72.00 | NOTE | |
r-oldrel-macos-arm64 | 0.1.1 | 36.00 | NOTE | |||
r-oldrel-macos-x86_64 | 0.1.1 | 47.00 | NOTE | |||
r-oldrel-windows-x86_64 | 0.1.1 | 9.00 | 71.00 | 80.00 | NOTE |
Version: 0.1.1
Check: Rd files
Result: NOTE
checkRd: (-1) refAnnots.Rd:10: Lost braces in \itemize; meant \describe ?
checkRd: (-1) refAnnots.Rd:11-12: Lost braces in \itemize; meant \describe ?
checkRd: (-1) untreatedAnnots.Rd:10: Lost braces in \itemize; meant \describe ?
checkRd: (-1) untreatedAnnots.Rd:11-12: Lost braces in \itemize; meant \describe ?
checkRd: (-1) untreatedAnnots.Rd:13-14: Lost braces in \itemize; meant \describe ?
Flavors: r-devel-linux-x86_64-debian-clang, r-devel-linux-x86_64-debian-gcc, r-devel-linux-x86_64-fedora-clang, r-devel-linux-x86_64-fedora-gcc, r-devel-windows-x86_64, r-patched-linux-x86_64, r-release-linux-x86_64, r-release-macos-arm64, r-release-macos-x86_64, r-release-windows-x86_64, r-oldrel-macos-arm64, r-oldrel-macos-x86_64, r-oldrel-windows-x86_64
Version: 0.1.1
Check: installed package size
Result: NOTE
installed size is 7.4Mb
sub-directories of 1Mb or more:
data 7.2Mb
Flavors: r-oldrel-macos-arm64, r-oldrel-macos-x86_64, r-oldrel-windows-x86_64