Last updated on 2025-11-04 11:52:26 CET.
| Flavor | Version | Tinstall | Tcheck | Ttotal | Status | Flags | 
|---|---|---|---|---|---|---|
| r-devel-linux-x86_64-debian-clang | 0.1.6 | 4.06 | 40.21 | 44.27 | NOTE | |
| r-devel-linux-x86_64-debian-gcc | 0.1.6 | 2.96 | 30.33 | 33.29 | NOTE | |
| r-devel-linux-x86_64-fedora-clang | 0.1.6 | 18.00 | 52.08 | 70.08 | NOTE | |
| r-devel-linux-x86_64-fedora-gcc | 0.1.6 | 11.00 | 53.92 | 64.92 | NOTE | |
| r-devel-windows-x86_64 | 0.1.6 | 6.00 | 59.00 | 65.00 | NOTE | |
| r-patched-linux-x86_64 | 0.1.6 | 3.75 | 37.53 | 41.28 | NOTE | |
| r-release-linux-x86_64 | 0.1.6 | 3.71 | 37.53 | 41.24 | NOTE | |
| r-release-macos-arm64 | 0.1.6 | 2.00 | 24.00 | 26.00 | NOTE | |
| r-release-macos-x86_64 | 0.1.6 | 3.00 | 43.00 | 46.00 | NOTE | |
| r-release-windows-x86_64 | 0.1.6 | 6.00 | 57.00 | 63.00 | NOTE | |
| r-oldrel-macos-arm64 | 0.1.6 | 2.00 | 24.00 | 26.00 | NOTE | |
| r-oldrel-macos-x86_64 | 0.1.6 | 4.00 | 53.00 | 57.00 | NOTE | |
| r-oldrel-windows-x86_64 | 0.1.6 | 7.00 | 70.00 | 77.00 | NOTE | 
Version: 0.1.6
Check: Rd files
Result: NOTE
  checkRd: (-1) strength.viewer.Rd:148: Lost braces in \itemize; meant \describe ?
  checkRd: (-1) strength.viewer.Rd:149: Lost braces in \itemize; meant \describe ?
  checkRd: (-1) strength.viewer.Rd:150: Lost braces in \itemize; meant \describe ?
  checkRd: (-1) strength.viewer.Rd:151: Lost braces in \itemize; meant \describe ?
  checkRd: (-1) strength.viewer.Rd:152: Lost braces in \itemize; meant \describe ?
Flavors: r-devel-linux-x86_64-debian-clang, r-devel-linux-x86_64-debian-gcc, r-devel-linux-x86_64-fedora-clang, r-devel-linux-x86_64-fedora-gcc, r-devel-windows-x86_64, r-patched-linux-x86_64, r-release-linux-x86_64, r-release-macos-arm64, r-release-macos-x86_64, r-release-windows-x86_64, r-oldrel-macos-arm64, r-oldrel-macos-x86_64, r-oldrel-windows-x86_64
Version: 0.1.6
Check: dependencies in R code
Result: NOTE
  Namespaces in Imports field not imported from:
    ‘caret’ ‘e1071’
    All declared Imports should be used.
Flavors: r-devel-linux-x86_64-fedora-clang, r-devel-linux-x86_64-fedora-gcc
Version: 0.1.6
Check: LazyData
Result: NOTE
    'LazyData' is specified without a 'data' directory
Flavors: r-oldrel-macos-arm64, r-oldrel-macos-x86_64, r-oldrel-windows-x86_64