Last updated on 2025-11-04 11:52:26 CET.
| Flavor | Version | Tinstall | Tcheck | Ttotal | Status | Flags | 
|---|---|---|---|---|---|---|
| r-devel-linux-x86_64-debian-clang | 0.1.2 | 2.69 | 713.02 | 715.71 | NOTE | |
| r-devel-linux-x86_64-debian-gcc | 0.1.2 | 1.99 | 664.97 | 666.96 | NOTE | |
| r-devel-linux-x86_64-fedora-clang | 0.1.2 | 11.00 | 886.35 | 897.35 | NOTE | |
| r-devel-linux-x86_64-fedora-gcc | 0.1.2 | 1300.84 | NOTE | |||
| r-devel-windows-x86_64 | 0.1.2 | 4.00 | 1299.00 | 1303.00 | NOTE | |
| r-patched-linux-x86_64 | 0.1.2 | 3.22 | 896.22 | 899.44 | NOTE | |
| r-release-linux-x86_64 | 0.1.2 | 2.60 | 878.32 | 880.92 | NOTE | |
| r-release-macos-arm64 | 0.1.2 | 1.00 | 294.00 | 295.00 | NOTE | |
| r-release-macos-x86_64 | 0.1.2 | 2.00 | 745.00 | 747.00 | NOTE | |
| r-release-windows-x86_64 | 0.1.2 | 4.00 | 1211.00 | 1215.00 | NOTE | |
| r-oldrel-macos-arm64 | 0.1.2 | 1.00 | 244.00 | 245.00 | OK | |
| r-oldrel-macos-x86_64 | 0.1.2 | 2.00 | 338.00 | 340.00 | OK | |
| r-oldrel-windows-x86_64 | 0.1.2 | 5.00 | 746.00 | 751.00 | OK | 
Version: 0.1.2
Check: DESCRIPTION meta-information
Result: NOTE
    Missing dependency on R >= 4.2.0 because package code uses the pipe
    placeholder syntax added in R 4.2.0.
    File(s) using such syntax:
      ‘bnns.R’
Flavors: r-devel-linux-x86_64-debian-clang, r-devel-linux-x86_64-debian-gcc, r-devel-linux-x86_64-fedora-clang, r-devel-linux-x86_64-fedora-gcc, r-devel-windows-x86_64, r-patched-linux-x86_64, r-release-linux-x86_64, r-release-macos-arm64, r-release-windows-x86_64
Version: 0.1.2
Check: dependencies in R code
Result: NOTE
  Namespaces in Imports field not imported from:
    ‘BH’ ‘RcppEigen’
    All declared Imports should be used.
Flavors: r-devel-linux-x86_64-fedora-clang, r-devel-linux-x86_64-fedora-gcc
Version: 0.1.2
Check: DESCRIPTION meta-information
Result: NOTE
    Missing dependency on R >= 4.1.0 because package code uses the pipe
    |> or function shorthand \(...) syntax added in R 4.1.0.
    File(s) using such syntax:
      ‘bnns.R’ ‘measure.R’
Flavor: r-release-macos-x86_64