CRAN Package Check Results for Package bndovb

Last updated on 2025-07-19 06:48:25 CEST.

Flavor Version Tinstall Tcheck Ttotal Status Flags
r-devel-linux-x86_64-debian-clang 1.1 9.31 81.01 90.32 OK
r-devel-linux-x86_64-debian-gcc 1.1 6.09 59.20 65.29 OK
r-devel-linux-x86_64-fedora-clang 1.1 139.51 NOTE
r-devel-linux-x86_64-fedora-gcc 1.1 146.37 NOTE
r-devel-windows-x86_64 1.1 10.00 86.00 96.00 OK
r-patched-linux-x86_64 1.1 9.36 76.03 85.39 OK
r-release-linux-x86_64 1.1 9.35 75.43 84.78 OK
r-release-macos-arm64 1.1 54.00 OK
r-release-macos-x86_64 1.1 117.00 OK
r-release-windows-x86_64 1.1 9.00 84.00 93.00 OK
r-oldrel-macos-arm64 1.1 54.00 OK
r-oldrel-macos-x86_64 1.1 78.00 OK
r-oldrel-windows-x86_64 1.1 12.00 106.00 118.00 OK

Check Details

Version: 1.1
Check: dependencies in R code
Result: NOTE Namespace in Imports field not imported from: ‘dplyr’ All declared Imports should be used. Flavors: r-devel-linux-x86_64-fedora-clang, r-devel-linux-x86_64-fedora-gcc

mirror server hosted at Truenetwork, Russian Federation.