Last updated on 2025-07-13 06:48:19 CEST.
Flavor | Version | Tinstall | Tcheck | Ttotal | Status | Flags |
---|---|---|---|---|---|---|
r-devel-linux-x86_64-debian-clang | 0.4.8 | 58.34 | 100.84 | 159.18 | OK | |
r-devel-linux-x86_64-debian-gcc | 0.4.8 | 45.18 | 75.68 | 120.86 | OK | |
r-devel-linux-x86_64-fedora-clang | 0.4.8 | 283.86 | OK | |||
r-devel-linux-x86_64-fedora-gcc | 0.4.8 | 293.29 | OK | |||
r-devel-windows-x86_64 | 0.4.8 | 72.00 | 183.00 | 255.00 | OK | |
r-patched-linux-x86_64 | 0.4.8 | 62.32 | 97.30 | 159.62 | OK | |
r-release-linux-x86_64 | 0.4.8 | 59.98 | 97.68 | 157.66 | OK | |
r-release-macos-arm64 | 0.4.8 | 81.00 | OK | |||
r-release-macos-x86_64 | 0.4.8 | 153.00 | OK | |||
r-release-windows-x86_64 | 0.4.8 | 69.00 | 188.00 | 257.00 | OK | |
r-oldrel-macos-arm64 | 0.4.8 | 80.00 | NOTE | |||
r-oldrel-macos-x86_64 | 0.4.8 | 110.00 | NOTE | |||
r-oldrel-windows-x86_64 | 0.4.8 | 66.00 | 209.00 | 275.00 | OK |
Version: 0.4.8
Check: installed package size
Result: NOTE
installed size is 6.8Mb
sub-directories of 1Mb or more:
libs 6.0Mb
Flavors: r-oldrel-macos-arm64, r-oldrel-macos-x86_64