CRAN Package Check Results for Package bmgarch

Last updated on 2025-07-16 07:49:01 CEST.

Flavor Version Tinstall Tcheck Ttotal Status Flags
r-devel-linux-x86_64-debian-clang 2.0.0 1204.70 173.12 1377.82 NOTE
r-devel-linux-x86_64-debian-gcc 2.0.0 1042.57 197.76 1240.33 NOTE
r-devel-linux-x86_64-fedora-clang 2.0.0 1937.04 NOTE
r-devel-linux-x86_64-fedora-gcc 2.0.0 2803.70 NOTE
r-devel-windows-x86_64 2.0.0 1138.00 280.00 1418.00 NOTE
r-patched-linux-x86_64 2.0.0 1303.98 270.61 1574.59 NOTE
r-release-linux-x86_64 2.0.0 1387.98 267.98 1655.96 NOTE
r-release-macos-arm64 2.0.0 565.00 NOTE
r-release-macos-x86_64 2.0.0 625.00 NOTE
r-release-windows-x86_64 2.0.0 1194.00 273.00 1467.00 NOTE
r-oldrel-macos-arm64 2.0.0 283.00 NOTE
r-oldrel-macos-x86_64 2.0.0 254.00 NOTE
r-oldrel-windows-x86_64 2.0.0 1347.00 343.00 1690.00 NOTE

Check Details

Version: 2.0.0
Check: Rd files
Result: NOTE checkRd: (-1) dot-pred_array_to_df.Rd:20: Lost braces; missing escapes or markup? 20 | Helper function for as.data.frame.{fitted, forecast}. Converts predictive array to data.frame. | ^ Flavors: r-devel-linux-x86_64-debian-clang, r-devel-linux-x86_64-debian-gcc, r-devel-linux-x86_64-fedora-clang, r-devel-linux-x86_64-fedora-gcc, r-devel-windows-x86_64, r-patched-linux-x86_64, r-release-linux-x86_64, r-release-macos-arm64, r-release-macos-x86_64, r-release-windows-x86_64, r-oldrel-macos-arm64, r-oldrel-macos-x86_64, r-oldrel-windows-x86_64

Version: 2.0.0
Check: installed package size
Result: NOTE installed size is 189.6Mb sub-directories of 1Mb or more: libs 188.8Mb Flavors: r-oldrel-macos-arm64, r-oldrel-macos-x86_64, r-oldrel-windows-x86_64

Version: 2.0.0
Check: for GNU extensions in Makefiles
Result: NOTE GNU make is a SystemRequirements. Flavors: r-oldrel-macos-arm64, r-oldrel-macos-x86_64, r-oldrel-windows-x86_64

mirror server hosted at Truenetwork, Russian Federation.