CRAN Package Check Results for Package blockForest

Last updated on 2025-11-28 12:48:32 CET.

Flavor Version Tinstall Tcheck Ttotal Status Flags
r-devel-linux-x86_64-debian-clang 0.2.6 75.24 90.86 166.10 NOTE
r-devel-linux-x86_64-debian-gcc 0.2.6 50.76 83.19 133.95 NOTE
r-devel-linux-x86_64-fedora-clang 0.2.6 133.00 180.93 313.93 OK
r-devel-linux-x86_64-fedora-gcc 0.2.6 161.00 115.39 276.39 OK
r-devel-windows-x86_64 0.2.6 106.00 113.00 219.00 OK
r-patched-linux-x86_64 0.2.6 76.21 88.51 164.72 OK
r-release-linux-x86_64 0.2.6 78.01 88.30 166.31 OK
r-release-macos-arm64 0.2.6 OK
r-release-macos-x86_64 0.2.6 30.00 69.00 99.00 OK
r-release-windows-x86_64 0.2.6 92.00 112.00 204.00 OK
r-oldrel-macos-arm64 0.2.6 NOTE
r-oldrel-macos-x86_64 0.2.6 37.00 59.00 96.00 NOTE
r-oldrel-windows-x86_64 0.2.6 109.00 150.00 259.00 OK

Check Details

Version: 0.2.6
Check: CRAN incoming feasibility
Result: NOTE Maintainer: ‘Marvin N. Wright <cran@wrig.de>’ No Authors@R field in DESCRIPTION. Please add one, modifying Authors@R: c(person(given = "Roman", family = "Hornung", role = "aut"), person(given = c("Marvin", "N."), family = "Wright", role = c("aut", "cre"), email = "cran@wrig.de")) as necessary. Flavors: r-devel-linux-x86_64-debian-clang, r-devel-linux-x86_64-debian-gcc

Version: 0.2.6
Check: installed package size
Result: NOTE installed size is 7.0Mb sub-directories of 1Mb or more: libs 6.6Mb Flavors: r-oldrel-macos-arm64, r-oldrel-macos-x86_64

mirror server hosted at Truenetwork, Russian Federation.