Last updated on 2025-11-03 23:50:12 CET.
| Flavor | Version | Tinstall | Tcheck | Ttotal | Status | Flags | 
|---|---|---|---|---|---|---|
| r-devel-linux-x86_64-debian-clang | 1.4 | 9.52 | 75.19 | 84.71 | NOTE | |
| r-devel-linux-x86_64-debian-gcc | 1.4 | 5.91 | 57.48 | 63.39 | NOTE | |
| r-devel-linux-x86_64-fedora-clang | 1.4 | 30.00 | 104.06 | 134.06 | OK | |
| r-devel-linux-x86_64-fedora-gcc | 1.4 | 17.00 | 103.86 | 120.86 | OK | |
| r-devel-windows-x86_64 | 1.4 | 10.00 | 91.00 | 101.00 | OK | |
| r-patched-linux-x86_64 | 1.4 | 8.98 | 72.65 | 81.63 | OK | |
| r-release-linux-x86_64 | 1.4 | 8.77 | 72.27 | 81.04 | OK | |
| r-release-macos-arm64 | 1.4 | 5.00 | 56.00 | 61.00 | OK | |
| r-release-macos-x86_64 | 1.4 | 9.00 | 76.00 | 85.00 | OK | |
| r-release-windows-x86_64 | 1.4 | 10.00 | 89.00 | 99.00 | OK | |
| r-oldrel-macos-arm64 | 1.4 | 4.00 | 38.00 | 42.00 | OK | |
| r-oldrel-macos-x86_64 | 1.4 | 7.00 | 51.00 | 58.00 | OK | |
| r-oldrel-windows-x86_64 | 1.4 | 14.00 | 111.00 | 125.00 | OK | 
Version: 1.4
Check: CRAN incoming feasibility
Result: NOTE
  Maintainer: ‘Fraenzi Korner-Nievergelt <fraenzi.korner@oikostat.ch>’
  
  No Authors@R field in DESCRIPTION.
  Please add one, modifying
    Authors@R: c(person(given = "Fraenzi",
                        family = "Korner-Nievergelt",
                        role = c("aut", "cre"),
                        email = "fraenzi.korner@oikostat.ch"),
                 person(given = "Tobias",
                        family = "Roth",
                        role = "aut"),
                 person(given = "Stefanie",
                        family = "von Felten",
                        role = "aut"),
                 person(given = "Jerome",
                        family = "Guelat",
                        role = "aut"),
                 person(given = "Bettina",
                        family = "Almasi",
                        role = "aut"),
                 person(given = "Pius",
                        family = "Korner-Nievergelt",
                        role = "aut"))
  as necessary.
Flavors: r-devel-linux-x86_64-debian-clang, r-devel-linux-x86_64-debian-gcc