Last updated on 2025-11-04 05:51:06 CET.
| Flavor | Version | Tinstall | Tcheck | Ttotal | Status | Flags | 
|---|---|---|---|---|---|---|
| r-devel-linux-x86_64-debian-clang | 1.1.46 | 53.83 | 106.89 | 160.72 | OK | |
| r-devel-linux-x86_64-debian-gcc | 1.1.46 | 38.19 | 75.05 | 113.24 | OK | |
| r-devel-linux-x86_64-fedora-clang | 1.1.46 | 203.00 | 84.23 | 287.23 | OK | |
| r-devel-linux-x86_64-fedora-gcc | 1.1.46 | 96.00 | 158.91 | 254.91 | OK | |
| r-devel-windows-x86_64 | 1.1.46 | 60.00 | 122.00 | 182.00 | OK | |
| r-patched-linux-x86_64 | 1.1.46 | 54.17 | 102.42 | 156.59 | OK | |
| r-release-linux-x86_64 | 1.1.46 | 58.34 | 103.58 | 161.92 | OK | |
| r-release-macos-arm64 | 1.1.46 | 24.00 | 46.00 | 70.00 | OK | |
| r-release-macos-x86_64 | 1.1.46 | 49.00 | 88.00 | 137.00 | OK | |
| r-release-windows-x86_64 | 1.1.46 | 57.00 | 121.00 | 178.00 | OK | |
| r-oldrel-macos-arm64 | 1.1.46 | 26.00 | 44.00 | 70.00 | NOTE | |
| r-oldrel-macos-x86_64 | 1.1.46 | 49.00 | 70.00 | 119.00 | NOTE | |
| r-oldrel-windows-x86_64 | 1.1.46 | 76.00 | 161.00 | 237.00 | OK | 
Version: 1.1.46
Check: installed package size
Result: NOTE
    installed size is 10.1Mb
    sub-directories of 1Mb or more:
      libs   9.5Mb
Flavors: r-oldrel-macos-arm64, r-oldrel-macos-x86_64