Last updated on 2025-05-23 12:49:24 CEST.
Flavor | Version | Tinstall | Tcheck | Ttotal | Status | Flags |
---|---|---|---|---|---|---|
r-devel-linux-x86_64-debian-clang | 1.1.46 | 55.58 | 102.58 | 158.16 | OK | |
r-devel-linux-x86_64-debian-gcc | 1.1.46 | 38.20 | 73.86 | 112.06 | OK | |
r-devel-linux-x86_64-fedora-clang | 1.1.46 | 256.88 | OK | |||
r-devel-linux-x86_64-fedora-gcc | 1.1.46 | 263.08 | OK | |||
r-devel-windows-x86_64 | 1.1.46 | 60.00 | 127.00 | 187.00 | OK | |
r-patched-linux-x86_64 | 1.1.46 | 56.10 | 101.25 | 157.35 | OK | |
r-release-linux-x86_64 | 1.1.46 | 55.08 | 99.80 | 154.88 | OK | |
r-release-macos-arm64 | 1.1.46 | 70.00 | OK | |||
r-release-macos-x86_64 | 1.1.46 | 137.00 | OK | |||
r-release-windows-x86_64 | 1.1.46 | 60.00 | 154.00 | 214.00 | OK | |
r-oldrel-macos-arm64 | 1.1.46 | 70.00 | NOTE | |||
r-oldrel-macos-x86_64 | 1.1.46 | 119.00 | NOTE | |||
r-oldrel-windows-x86_64 | 1.1.46 | 69.00 | 157.00 | 226.00 | OK |
Version: 1.1.46
Check: installed package size
Result: NOTE
installed size is 10.1Mb
sub-directories of 1Mb or more:
libs 9.5Mb
Flavors: r-oldrel-macos-arm64, r-oldrel-macos-x86_64