Last updated on 2025-11-03 23:50:12 CET.
| Flavor | Version | Tinstall | Tcheck | Ttotal | Status | Flags | 
|---|---|---|---|---|---|---|
| r-devel-linux-x86_64-debian-clang | 1.0 | 8.91 | 85.97 | 94.88 | NOTE | |
| r-devel-linux-x86_64-debian-gcc | 1.0 | 5.49 | 61.18 | 66.67 | NOTE | |
| r-devel-linux-x86_64-fedora-clang | 1.0 | 44.00 | 111.12 | 155.12 | OK | |
| r-devel-linux-x86_64-fedora-gcc | 1.0 | 18.00 | 119.39 | 137.39 | OK | |
| r-devel-windows-x86_64 | 1.0 | 9.00 | 89.00 | 98.00 | OK | |
| r-patched-linux-x86_64 | 1.0 | 8.58 | 81.75 | 90.33 | OK | |
| r-release-linux-x86_64 | 1.0 | 9.11 | 81.94 | 91.05 | OK | |
| r-release-macos-arm64 | 1.0 | 6.00 | 54.00 | 60.00 | OK | |
| r-release-macos-x86_64 | 1.0 | 8.00 | 72.00 | 80.00 | OK | |
| r-release-windows-x86_64 | 1.0 | 10.00 | 87.00 | 97.00 | OK | |
| r-oldrel-macos-arm64 | 1.0 | 4.00 | 39.00 | 43.00 | OK | |
| r-oldrel-macos-x86_64 | 1.0 | 6.00 | 55.00 | 61.00 | OK | |
| r-oldrel-windows-x86_64 | 1.0 | 14.00 | 111.00 | 125.00 | OK | 
Version: 1.0
Check: CRAN incoming feasibility
Result: NOTE
  Maintainer: ‘Alessandro Barbiero <alessandro.barbiero@unimi.it>’
  
  No Authors@R field in DESCRIPTION.
  Please add one, modifying
    Authors@R: person(given = "Alessandro",
                      family = "Barbiero",
                      role = c("aut", "cre"),
                      email = "alessandro.barbiero@unimi.it")
  as necessary.
Flavors: r-devel-linux-x86_64-debian-clang, r-devel-linux-x86_64-debian-gcc