CRAN Package Check Results for Package bivgeom

Last updated on 2025-07-16 07:49:01 CEST.

Flavor Version Tinstall Tcheck Ttotal Status Flags
r-devel-linux-x86_64-debian-clang 1.0 9.26 83.91 93.17 NOTE
r-devel-linux-x86_64-debian-gcc 1.0 6.39 62.30 68.69 NOTE
r-devel-linux-x86_64-fedora-clang 1.0 145.28 OK
r-devel-linux-x86_64-fedora-gcc 1.0 138.88 OK
r-devel-windows-x86_64 1.0 9.00 89.00 98.00 OK
r-patched-linux-x86_64 1.0 9.45 80.17 89.62 OK
r-release-linux-x86_64 1.0 8.86 80.04 88.90 OK
r-release-macos-arm64 1.0 60.00 OK
r-release-macos-x86_64 1.0 80.00 OK
r-release-windows-x86_64 1.0 10.00 102.00 112.00 OK
r-oldrel-macos-arm64 1.0 43.00 OK
r-oldrel-macos-x86_64 1.0 61.00 OK
r-oldrel-windows-x86_64 1.0 13.00 115.00 128.00 OK

Check Details

Version: 1.0
Check: CRAN incoming feasibility
Result: NOTE Maintainer: ‘Alessandro Barbiero <alessandro.barbiero@unimi.it>’ No Authors@R field in DESCRIPTION. Please add one, modifying Authors@R: person(given = "Alessandro", family = "Barbiero", role = c("aut", "cre"), email = "alessandro.barbiero@unimi.it") as necessary. Flavors: r-devel-linux-x86_64-debian-clang, r-devel-linux-x86_64-debian-gcc

mirror server hosted at Truenetwork, Russian Federation.