Last updated on 2025-02-21 17:50:36 CET.
Flavor | Version | Tinstall | Tcheck | Ttotal | Status | Flags |
---|---|---|---|---|---|---|
r-devel-linux-x86_64-debian-clang | 1.0.2 | 87.08 | 34.82 | 121.90 | NOTE | |
r-devel-linux-x86_64-debian-gcc | 1.0.2 | 61.13 | 28.21 | 89.34 | NOTE | |
r-devel-linux-x86_64-fedora-clang | 1.0.2 | 244.85 | NOTE | |||
r-devel-linux-x86_64-fedora-gcc | 1.0.2 | 225.35 | NOTE | |||
r-devel-macos-arm64 | 1.0.2 | 48.00 | NOTE | |||
r-devel-macos-x86_64 | 1.0.2 | 76.00 | NOTE | |||
r-devel-windows-x86_64 | 1.0.2 | 92.00 | 80.00 | 172.00 | NOTE | |
r-patched-linux-x86_64 | 1.0.2 | 89.56 | 34.82 | 124.38 | NOTE | |
r-release-linux-x86_64 | 1.0.2 | 82.82 | 35.37 | 118.19 | NOTE | |
r-release-macos-arm64 | 1.0.2 | 52.00 | NOTE | |||
r-release-macos-x86_64 | 1.0.2 | 59.00 | NOTE | |||
r-release-windows-x86_64 | 1.0.2 | 93.00 | 76.00 | 169.00 | NOTE | |
r-oldrel-macos-arm64 | 1.0.2 | 73.00 | NOTE | |||
r-oldrel-macos-x86_64 | 1.0.2 | 106.00 | NOTE | |||
r-oldrel-windows-x86_64 | 1.0.2 | 113.00 | 99.00 | 212.00 | NOTE |
Version: 1.0.2
Check: C++ specification
Result: NOTE
Specified C++11: please drop specification unless essential
Flavors: r-devel-linux-x86_64-debian-clang, r-devel-linux-x86_64-debian-gcc, r-devel-linux-x86_64-fedora-clang, r-devel-linux-x86_64-fedora-gcc, r-devel-macos-arm64, r-devel-macos-x86_64, r-devel-windows-x86_64, r-patched-linux-x86_64, r-release-linux-x86_64, r-release-macos-arm64, r-release-macos-x86_64, r-release-windows-x86_64, r-oldrel-macos-arm64, r-oldrel-macos-x86_64, r-oldrel-windows-x86_64
Version: 1.0.2
Check: installed package size
Result: NOTE
installed size is 7.7Mb
sub-directories of 1Mb or more:
libs 7.5Mb
Flavors: r-release-macos-arm64, r-release-macos-x86_64, r-oldrel-macos-arm64, r-oldrel-macos-x86_64