Last updated on 2025-07-16 07:49:01 CEST.
Flavor | Version | Tinstall | Tcheck | Ttotal | Status | Flags |
---|---|---|---|---|---|---|
r-devel-linux-x86_64-debian-clang | 0.6.1 | 139.48 | 152.50 | 291.98 | NOTE | |
r-devel-linux-x86_64-debian-gcc | 0.6.1 | 118.07 | 114.54 | 232.61 | NOTE | |
r-devel-linux-x86_64-fedora-clang | 0.6.1 | 480.68 | NOTE | |||
r-devel-linux-x86_64-fedora-gcc | 0.6.1 | 542.64 | NOTE | |||
r-devel-windows-x86_64 | 0.6.1 | 163.00 | 206.00 | 369.00 | NOTE | |
r-patched-linux-x86_64 | 0.6.1 | 158.00 | 158.46 | 316.46 | NOTE | |
r-release-linux-x86_64 | 0.6.1 | 154.30 | 156.96 | 311.26 | NOTE | |
r-release-macos-arm64 | 0.6.1 | 185.00 | NOTE | |||
r-release-macos-x86_64 | 0.6.1 | 269.00 | NOTE | |||
r-release-windows-x86_64 | 0.6.1 | 168.00 | 211.00 | 379.00 | NOTE | |
r-oldrel-macos-arm64 | 0.6.1 | 86.00 | NOTE | |||
r-oldrel-macos-x86_64 | 0.6.1 | 144.00 | NOTE | |||
r-oldrel-windows-x86_64 | 0.6.1 | 184.00 | 288.00 | 472.00 | NOTE |
Version: 0.6.1
Check: DESCRIPTION meta-information
Result: NOTE
Missing dependency on R >= 4.1.0 because package code uses the pipe
|> or function shorthand \(...) syntax added in R 4.1.0.
File(s) using such syntax:
‘bisg.R’ ‘model_cat_dir.R’ ‘model_lm.R’ ‘stanmodels.R’
Flavors: r-devel-linux-x86_64-debian-clang, r-devel-linux-x86_64-debian-gcc, r-devel-linux-x86_64-fedora-clang, r-devel-linux-x86_64-fedora-gcc, r-devel-windows-x86_64, r-patched-linux-x86_64, r-release-linux-x86_64, r-release-macos-arm64, r-release-macos-x86_64, r-release-windows-x86_64
Version: 0.6.1
Check: installed package size
Result: NOTE
installed size is 48.1Mb
sub-directories of 1Mb or more:
extdata 1.5Mb
libs 45.8Mb
Flavors: r-oldrel-macos-arm64, r-oldrel-macos-x86_64
Version: 0.6.1
Check: for GNU extensions in Makefiles
Result: NOTE
GNU make is a SystemRequirements.
Flavors: r-oldrel-macos-arm64, r-oldrel-macos-x86_64, r-oldrel-windows-x86_64