Last updated on 2025-05-28 00:48:56 CEST.
Flavor | Version | Tinstall | Tcheck | Ttotal | Status | Flags |
---|---|---|---|---|---|---|
r-devel-linux-x86_64-debian-clang | 1.2.0 | 8.91 | 96.80 | 105.71 | OK | |
r-devel-linux-x86_64-debian-gcc | 1.2.0 | 6.52 | 69.17 | 75.69 | OK | |
r-devel-linux-x86_64-fedora-clang | 1.2.0 | 148.92 | OK | |||
r-devel-linux-x86_64-fedora-gcc | 1.2.0 | 156.18 | OK | |||
r-devel-windows-x86_64 | 1.2.0 | 12.00 | 96.00 | 108.00 | OK | |
r-patched-linux-x86_64 | 1.2.0 | 9.57 | 87.13 | 96.70 | OK | |
r-release-linux-x86_64 | 1.2.0 | 8.92 | 86.72 | 95.64 | OK | |
r-release-macos-arm64 | 1.2.0 | 96.00 | OK | |||
r-release-macos-x86_64 | 1.2.0 | 244.00 | OK | |||
r-release-windows-x86_64 | 1.2.0 | 12.00 | 95.00 | 107.00 | OK | |
r-oldrel-macos-arm64 | 1.2.0 | 66.00 | NOTE | |||
r-oldrel-macos-x86_64 | 1.2.0 | 125.00 | NOTE | |||
r-oldrel-windows-x86_64 | 1.2.0 | 14.00 | 124.00 | 138.00 | NOTE |
Version: 1.2.0
Check: installed package size
Result: NOTE
installed size is 5.3Mb
sub-directories of 1Mb or more:
data 1.0Mb
doc 3.2Mb
Flavors: r-oldrel-macos-arm64, r-oldrel-macos-x86_64, r-oldrel-windows-x86_64