CRAN Package Check Results for Package bioC.logs

Last updated on 2025-07-21 01:48:59 CEST.

Flavor Version Tinstall Tcheck Ttotal Status Flags
r-devel-linux-x86_64-debian-clang 1.2.1 1.59 23.84 25.43 NOTE
r-devel-linux-x86_64-debian-gcc 1.2.1 1.48 19.81 21.29 NOTE
r-devel-linux-x86_64-fedora-clang 1.2.1 42.89 OK
r-devel-linux-x86_64-fedora-gcc 1.2.1 57.43 OK
r-devel-windows-x86_64 1.2.1 4.00 50.00 54.00 OK
r-patched-linux-x86_64 1.2.1 1.95 22.87 24.82 OK
r-release-linux-x86_64 1.2.1 1.53 22.34 23.87 OK
r-release-macos-arm64 1.2.1 42.00 OK
r-release-macos-x86_64 1.2.1 78.00 OK
r-release-windows-x86_64 1.2.1 3.00 49.00 52.00 OK
r-oldrel-macos-arm64 1.2.1 36.00 OK
r-oldrel-macos-x86_64 1.2.1 42.00 OK
r-oldrel-windows-x86_64 1.2.1 3.00 55.00 58.00 OK

Check Details

Version: 1.2.1
Check: CRAN incoming feasibility
Result: NOTE Maintainer: ‘Marcelo Ponce <m.ponce@utoronto.ca>’ No Authors@R field in DESCRIPTION. Please add one, modifying Authors@R: person(given = "Marcelo", family = "Ponce", role = c("aut", "cre"), email = "m.ponce@utoronto.ca") as necessary. Flavors: r-devel-linux-x86_64-debian-clang, r-devel-linux-x86_64-debian-gcc

mirror server hosted at Truenetwork, Russian Federation.