Last updated on 2025-02-22 11:51:20 CET.
Flavor | Version | Tinstall | Tcheck | Ttotal | Status | Flags |
---|---|---|---|---|---|---|
r-devel-linux-x86_64-debian-clang | 2.4-5 | 53.34 | 175.96 | 229.30 | OK | |
r-devel-linux-x86_64-debian-gcc | 2.4-5 | 37.53 | 119.17 | 156.70 | OK | |
r-devel-linux-x86_64-fedora-clang | 2.4-5 | 383.13 | OK | |||
r-devel-linux-x86_64-fedora-gcc | 2.4-5 | 385.03 | OK | |||
r-devel-macos-arm64 | 2.4-5 | 90.00 | OK | |||
r-devel-macos-x86_64 | 2.4-5 | 278.00 | OK | |||
r-devel-windows-x86_64 | 2.4-5 | 56.00 | 234.00 | 290.00 | OK | |
r-patched-linux-x86_64 | 2.4-5 | 54.89 | 163.84 | 218.73 | OK | |
r-release-linux-x86_64 | 2.4-5 | 53.06 | 161.99 | 215.05 | OK | |
r-release-macos-arm64 | 2.4-5 | 92.00 | NOTE | |||
r-release-macos-x86_64 | 2.4-5 | 260.00 | NOTE | |||
r-release-windows-x86_64 | 2.4-5 | 58.00 | 233.00 | 291.00 | OK | |
r-oldrel-macos-arm64 | 2.4-5 | 110.00 | NOTE | |||
r-oldrel-macos-x86_64 | 2.4-5 | 216.00 | NOTE | |||
r-oldrel-windows-x86_64 | 2.4-5 | 59.00 | 289.00 | 348.00 | OK |
Version: 2.4-5
Check: installed package size
Result: NOTE
installed size is 6.7Mb
sub-directories of 1Mb or more:
R 1.0Mb
libs 3.0Mb
Flavors: r-release-macos-arm64, r-release-macos-x86_64, r-oldrel-macos-arm64, r-oldrel-macos-x86_64
Version: 2.4-5
Check: package dependencies
Result: NOTE
Package suggested but not available for checking: ‘msa’
Flavors: r-oldrel-macos-arm64, r-oldrel-macos-x86_64