CRAN Package Check Results for Package binhf

Last updated on 2025-07-15 00:49:57 CEST.

Flavor Version Tinstall Tcheck Ttotal Status Flags
r-devel-linux-x86_64-debian-clang 1.0-3 3.40 39.17 42.57 NOTE
r-devel-linux-x86_64-debian-gcc 1.0-3 2.18 29.43 31.61 NOTE
r-devel-linux-x86_64-fedora-clang 1.0-3 61.83 OK
r-devel-linux-x86_64-fedora-gcc 1.0-3 59.99 OK
r-devel-windows-x86_64 1.0-3 4.00 66.00 70.00 OK
r-patched-linux-x86_64 1.0-3 3.59 36.21 39.80 OK
r-release-linux-x86_64 1.0-3 2.79 37.20 39.99 OK
r-release-macos-arm64 1.0-3 27.00 OK
r-release-macos-x86_64 1.0-3 40.00 OK
r-release-windows-x86_64 1.0-3 4.00 90.00 94.00 OK
r-oldrel-macos-arm64 1.0-3 26.00 OK
r-oldrel-macos-x86_64 1.0-3 34.00 OK
r-oldrel-windows-x86_64 1.0-3 5.00 74.00 79.00 OK

Check Details

Version: 1.0-3
Check: CRAN incoming feasibility
Result: NOTE Maintainer: ‘Matt Nunes <nunesrpackages@gmail.com>’ No Authors@R field in DESCRIPTION. Please add one, modifying Authors@R: person(given = "Matt", family = "Nunes", role = c("aut", "cre"), email = "nunesrpackages@gmail.com") as necessary. Flavors: r-devel-linux-x86_64-debian-clang, r-devel-linux-x86_64-debian-gcc

mirror server hosted at Truenetwork, Russian Federation.