Last updated on 2025-11-04 11:52:25 CET.
| Flavor | Version | Tinstall | Tcheck | Ttotal | Status | Flags | 
|---|---|---|---|---|---|---|
| r-devel-linux-x86_64-debian-clang | 1.3 | 10.14 | 75.36 | 85.50 | NOTE | |
| r-devel-linux-x86_64-debian-gcc | 1.3 | 6.82 | 54.38 | 61.20 | NOTE | |
| r-devel-linux-x86_64-fedora-clang | 1.3 | 49.00 | 88.34 | 137.34 | OK | |
| r-devel-linux-x86_64-fedora-gcc | 1.3 | 18.00 | 105.31 | 123.31 | OK | |
| r-devel-windows-x86_64 | 1.3 | 12.00 | 82.00 | 94.00 | OK | |
| r-patched-linux-x86_64 | 1.3 | 10.05 | 70.96 | 81.01 | OK | |
| r-release-linux-x86_64 | 1.3 | 9.07 | 71.21 | 80.28 | OK | |
| r-release-macos-arm64 | 1.3 | 5.00 | 37.00 | 42.00 | OK | |
| r-release-macos-x86_64 | 1.3 | 9.00 | 72.00 | 81.00 | OK | |
| r-release-windows-x86_64 | 1.3 | 10.00 | 82.00 | 92.00 | OK | |
| r-oldrel-macos-arm64 | 1.3 | 4.00 | 33.00 | 37.00 | OK | |
| r-oldrel-macos-x86_64 | 1.3 | 7.00 | 55.00 | 62.00 | OK | |
| r-oldrel-windows-x86_64 | 1.3 | 14.00 | 103.00 | 117.00 | OK | 
Version: 1.3
Check: CRAN incoming feasibility
Result: NOTE
  Maintainer: ‘Berkley Shands <rpackages@biorankings.com>’
  
  No Authors@R field in DESCRIPTION.
  Please add one, modifying
    Authors@R: c(person(given = "Terrence",
                        family = "Brooks",
                        role = "aut"),
                 person(given = "Berkley",
                        family = "Shands",
                        role = c("aut", "cre"),
                        email = "rpackages@biorankings.com"),
                 person(given = "Skye",
                        family = "Buckner-Petty",
                        role = "aut"),
                 person(given = c("Patricio", "S."),
                        family = "La Rosa",
                        role = "aut"),
                 person(given = "Elena",
                        family = "Deych",
                        role = "aut"),
                 person(given = c("William", "D."),
                        family = "Shannon",
                        role = "aut"))
  as necessary.
Flavors: r-devel-linux-x86_64-debian-clang, r-devel-linux-x86_64-debian-gcc