Last updated on 2025-11-04 05:51:05 CET.
| Flavor | Version | Tinstall | Tcheck | Ttotal | Status | Flags | 
|---|---|---|---|---|---|---|
| r-devel-linux-x86_64-debian-clang | 0.3.2 | 68.96 | 52.82 | 121.78 | OK | |
| r-devel-linux-x86_64-debian-gcc | 0.3.2 | 57.13 | 38.87 | 96.00 | OK | |
| r-devel-linux-x86_64-fedora-clang | 0.3.2 | 158.00 | 65.37 | 223.37 | OK | |
| r-devel-linux-x86_64-fedora-gcc | 0.3.2 | 105.00 | 147.27 | 252.27 | OK | |
| r-devel-windows-x86_64 | 0.3.2 | 91.00 | 93.00 | 184.00 | OK | |
| r-patched-linux-x86_64 | 0.3.2 | 83.97 | 48.47 | 132.44 | OK | |
| r-release-linux-x86_64 | 0.3.2 | 83.80 | 48.25 | 132.05 | OK | |
| r-release-macos-arm64 | 0.3.2 | 31.00 | 41.00 | 72.00 | OK | |
| r-release-macos-x86_64 | 0.3.2 | 41.00 | 81.00 | 122.00 | OK | |
| r-release-windows-x86_64 | 0.3.2 | 90.00 | 89.00 | 179.00 | OK | |
| r-oldrel-macos-arm64 | 0.3.2 | 26.00 | 34.00 | 60.00 | NOTE | |
| r-oldrel-macos-x86_64 | 0.3.2 | 31.00 | 52.00 | 83.00 | NOTE | |
| r-oldrel-windows-x86_64 | 0.3.2 | 106.00 | 112.00 | 218.00 | OK | 
Version: 0.3.2
Check: installed package size
Result: NOTE
    installed size is  9.0Mb
    sub-directories of 1Mb or more:
      libs   8.7Mb
Flavors: r-oldrel-macos-arm64, r-oldrel-macos-x86_64