Last updated on 2025-07-16 07:49:01 CEST.
Flavor | Version | Tinstall | Tcheck | Ttotal | Status | Flags |
---|---|---|---|---|---|---|
r-devel-linux-x86_64-debian-clang | 0.9.5 | 3.82 | 66.80 | 70.62 | NOTE | |
r-devel-linux-x86_64-debian-gcc | 0.9.5 | 2.95 | 48.88 | 51.83 | NOTE | |
r-devel-linux-x86_64-fedora-clang | 0.9.5 | 121.97 | OK | |||
r-devel-linux-x86_64-fedora-gcc | 0.9.5 | 124.64 | OK | |||
r-devel-windows-x86_64 | 0.9.5 | 5.00 | 94.00 | 99.00 | OK | |
r-patched-linux-x86_64 | 0.9.5 | 4.71 | 62.63 | 67.34 | OK | |
r-release-linux-x86_64 | 0.9.5 | 4.02 | 61.78 | 65.80 | OK | |
r-release-macos-arm64 | 0.9.5 | 123.00 | OK | |||
r-release-macos-x86_64 | 0.9.5 | 105.00 | OK | |||
r-release-windows-x86_64 | 0.9.5 | 6.00 | 95.00 | 101.00 | OK | |
r-oldrel-macos-arm64 | 0.9.5 | 38.00 | OK | |||
r-oldrel-macos-x86_64 | 0.9.5 | 72.00 | OK | |||
r-oldrel-windows-x86_64 | 0.9.5 | 8.00 | 103.00 | 111.00 | OK |
Version: 0.9.5
Check: CRAN incoming feasibility
Result: NOTE
Maintainer: ‘Stephan Wojciekowski <stephan.wojciekowski@boehringer-ingelheim.com>’
Package CITATION file contains call(s) to old-style citEntry(). Please
use bibentry() instead.
Flavors: r-devel-linux-x86_64-debian-clang, r-devel-linux-x86_64-debian-gcc