Last updated on 2025-11-04 11:52:25 CET.
| Flavor | Version | Tinstall | Tcheck | Ttotal | Status | Flags | 
|---|---|---|---|---|---|---|
| r-devel-linux-x86_64-debian-clang | 0.3-1 | 5.96 | 59.46 | 65.42 | NOTE | |
| r-devel-linux-x86_64-debian-gcc | 0.3-1 | 5.02 | 44.38 | 49.40 | NOTE | |
| r-devel-linux-x86_64-fedora-clang | 0.3-1 | 31.00 | 75.89 | 106.89 | OK | |
| r-devel-linux-x86_64-fedora-gcc | 0.3-1 | 15.00 | 81.56 | 96.56 | OK | |
| r-devel-windows-x86_64 | 0.3-1 | 8.00 | 70.00 | 78.00 | OK | |
| r-patched-linux-x86_64 | 0.3-1 | 6.09 | 57.35 | 63.44 | OK | |
| r-release-linux-x86_64 | 0.3-1 | 5.50 | 56.83 | 62.33 | OK | |
| r-release-macos-arm64 | 0.3-1 | 3.00 | 30.00 | 33.00 | OK | |
| r-release-macos-x86_64 | 0.3-1 | 9.00 | 62.00 | 71.00 | OK | |
| r-release-windows-x86_64 | 0.3-1 | 8.00 | 68.00 | 76.00 | OK | |
| r-oldrel-macos-arm64 | 0.3-1 | 4.00 | 28.00 | 32.00 | OK | |
| r-oldrel-macos-x86_64 | 0.3-1 | 5.00 | 42.00 | 47.00 | OK | |
| r-oldrel-windows-x86_64 | 0.3-1 | 10.00 | 85.00 | 95.00 | OK | 
Version: 0.3-1
Check: CRAN incoming feasibility
Result: NOTE
  Maintainer: ‘Giampiero Marra <giampiero.marra@ucl.ac.uk>’
  
  No Authors@R field in DESCRIPTION.
  Please add one, modifying
    Authors@R: c(person(given = "Giampiero",
                        family = "Marra",
                        role = c("aut", "cre"),
                        email = "giampiero.marra@ucl.ac.uk"),
                 person(given = "Raffaella",
                        family = "Calabrese",
                        role = "aut"),
                 person(given = c("Silvia", "Angela"),
                        family = "Osmetti",
                        role = "aut"))
  as necessary.
  
  Package CITATION file contains call(s) to old-style citEntry().  Please
  use bibentry() instead.
Flavors: r-devel-linux-x86_64-debian-clang, r-devel-linux-x86_64-debian-gcc