Last updated on 2025-02-21 17:50:36 CET.
Flavor | Version | Tinstall | Tcheck | Ttotal | Status | Flags |
---|---|---|---|---|---|---|
r-devel-linux-x86_64-debian-clang | 1.3.0 | 104.67 | 153.13 | 257.80 | OK | |
r-devel-linux-x86_64-debian-gcc | 1.3.0 | 75.57 | 88.78 | 164.35 | OK | |
r-devel-linux-x86_64-fedora-clang | 1.3.0 | 486.59 | OK | |||
r-devel-linux-x86_64-fedora-gcc | 1.3.0 | 441.51 | OK | |||
r-devel-macos-arm64 | 1.3.0 | 102.00 | OK | |||
r-devel-macos-x86_64 | 1.3.0 | 168.00 | OK | |||
r-devel-windows-x86_64 | 1.3.0 | 116.00 | 189.00 | 305.00 | OK | |
r-patched-linux-x86_64 | 1.3.0 | 107.79 | 138.54 | 246.33 | OK | |
r-release-linux-x86_64 | 1.3.0 | 101.63 | 137.41 | 239.04 | OK | |
r-release-macos-arm64 | 1.3.0 | 92.00 | NOTE | |||
r-release-macos-x86_64 | 1.3.0 | 143.00 | NOTE | |||
r-release-windows-x86_64 | 1.3.0 | 118.00 | 190.00 | 308.00 | OK | |
r-oldrel-macos-arm64 | 1.3.0 | 90.00 | NOTE | |||
r-oldrel-macos-x86_64 | 1.3.0 | 148.00 | NOTE | |||
r-oldrel-windows-x86_64 | 1.3.0 | 139.00 | 247.00 | 386.00 | OK |
Version: 1.3.0
Check: installed package size
Result: NOTE
installed size is 5.6Mb
sub-directories of 1Mb or more:
libs 5.2Mb
Flavors: r-release-macos-arm64, r-release-macos-x86_64, r-oldrel-macos-arm64, r-oldrel-macos-x86_64