Last updated on 2025-11-03 11:49:37 CET.
| Flavor | Version | Tinstall | Tcheck | Ttotal | Status | Flags |
|---|---|---|---|---|---|---|
| r-devel-linux-x86_64-debian-clang | 1.3.0 | 104.67 | 156.82 | 261.49 | OK | |
| r-devel-linux-x86_64-debian-gcc | 1.3.0 | 65.16 | 92.21 | 157.37 | OK | |
| r-devel-linux-x86_64-fedora-clang | 1.3.0 | 255.00 | 268.58 | 523.58 | OK | |
| r-devel-linux-x86_64-fedora-gcc | 1.3.0 | 192.00 | 233.18 | 425.18 | OK | |
| r-devel-windows-x86_64 | 1.3.0 | 125.00 | 203.00 | 328.00 | OK | |
| r-patched-linux-x86_64 | 1.3.0 | 106.14 | 144.16 | 250.30 | OK | |
| r-release-linux-x86_64 | 1.3.0 | 108.74 | 145.30 | 254.04 | OK | |
| r-release-macos-arm64 | 1.3.0 | 46.00 | 72.00 | 118.00 | OK | |
| r-release-macos-x86_64 | 1.3.0 | 39.00 | 129.00 | 168.00 | OK | |
| r-release-windows-x86_64 | 1.3.0 | 128.00 | 188.00 | 316.00 | OK | |
| r-oldrel-macos-arm64 | 1.3.0 | 31.00 | 61.00 | 92.00 | NOTE | |
| r-oldrel-macos-x86_64 | 1.3.0 | 27.00 | 116.00 | 143.00 | NOTE | |
| r-oldrel-windows-x86_64 | 1.3.0 | 149.00 | 240.00 | 389.00 | OK |
Version: 1.3.0
Check: installed package size
Result: NOTE
installed size is 5.6Mb
sub-directories of 1Mb or more:
libs 5.2Mb
Flavors: r-oldrel-macos-arm64, r-oldrel-macos-x86_64