CRAN Package Check Results for Package betafunctions

Last updated on 2025-05-20 12:49:52 CEST.

Flavor Version Tinstall Tcheck Ttotal Status Flags
r-devel-linux-x86_64-debian-clang 1.9.0 5.78 45.71 51.49 NOTE
r-devel-linux-x86_64-debian-gcc 1.9.0 3.57 31.29 34.86 NOTE
r-devel-linux-x86_64-fedora-clang 1.9.0 80.45 OK
r-devel-linux-x86_64-fedora-gcc 1.9.0 76.36 OK
r-devel-windows-x86_64 1.9.0 6.00 82.00 88.00 OK
r-patched-linux-x86_64 1.9.0 6.19 42.62 48.81 OK
r-release-linux-x86_64 1.9.0 5.08 42.51 47.59 OK
r-release-macos-arm64 1.9.0 23.00 OK
r-release-macos-x86_64 1.9.0 67.00 OK
r-release-windows-x86_64 1.9.0 7.00 72.00 79.00 OK
r-oldrel-macos-arm64 1.9.0 28.00 OK
r-oldrel-macos-x86_64 1.9.0 35.00 OK
r-oldrel-windows-x86_64 1.9.0 6.00 67.00 73.00 OK

Check Details

Version: 1.9.0
Check: CRAN incoming feasibility
Result: NOTE Maintainer: ‘Haakon Eidem Haakstad <h.e.haakstad@gmail.com>’ No Authors@R field in DESCRIPTION. Please add one, modifying Authors@R: person(given = c("Haakon", "Eidem"), family = "Haakstad", role = c("aut", "cre"), email = "h.e.haakstad@gmail.com") as necessary. Flavors: r-devel-linux-x86_64-debian-clang, r-devel-linux-x86_64-debian-gcc

mirror server hosted at Truenetwork, Russian Federation.