CRAN Package Check Results for Package benchr

Last updated on 2025-07-13 18:52:39 CEST.

Flavor Version Tinstall Tcheck Ttotal Status Flags
r-devel-linux-x86_64-debian-clang 0.2.5 13.67 35.26 48.93 NOTE
r-devel-linux-x86_64-debian-gcc 0.2.5 8.98 27.34 36.32 NOTE
r-devel-linux-x86_64-fedora-clang 0.2.5 82.76 NOTE
r-devel-linux-x86_64-fedora-gcc 0.2.5 74.95 NOTE
r-devel-windows-x86_64 0.2.5 17.00 71.00 88.00 NOTE
r-patched-linux-x86_64 0.2.5 13.09 32.56 45.65 NOTE
r-release-linux-x86_64 0.2.5 12.25 31.60 43.85 NOTE
r-release-macos-arm64 0.2.5 27.00 NOTE
r-release-macos-x86_64 0.2.5 67.00 NOTE
r-release-windows-x86_64 0.2.5 17.00 75.00 92.00 NOTE
r-oldrel-macos-arm64 0.2.5 30.00 NOTE
r-oldrel-macos-x86_64 0.2.5 57.00 NOTE
r-oldrel-windows-x86_64 0.2.5 16.00 86.00 102.00 NOTE

Check Details

Version: 0.2.5
Check: C++ specification
Result: NOTE Specified C++11: please drop specification unless essential Flavors: r-devel-linux-x86_64-debian-clang, r-devel-linux-x86_64-debian-gcc, r-devel-linux-x86_64-fedora-clang, r-devel-linux-x86_64-fedora-gcc, r-devel-windows-x86_64, r-patched-linux-x86_64, r-release-linux-x86_64, r-release-macos-arm64, r-release-macos-x86_64, r-release-windows-x86_64, r-oldrel-macos-arm64, r-oldrel-macos-x86_64, r-oldrel-windows-x86_64

Version: 0.2.5
Check: LazyData
Result: NOTE 'LazyData' is specified without a 'data' directory Flavors: r-oldrel-macos-arm64, r-oldrel-macos-x86_64, r-oldrel-windows-x86_64

mirror server hosted at Truenetwork, Russian Federation.