CRAN Package Check Results for Package beezdiscounting

Last updated on 2025-07-21 01:48:59 CEST.

Flavor Version Tinstall Tcheck Ttotal Status Flags
r-devel-linux-x86_64-debian-clang 0.3.2 3.37 36.13 39.50 NOTE
r-devel-linux-x86_64-debian-gcc 0.3.2 2.29 27.70 29.99 NOTE
r-devel-linux-x86_64-fedora-clang 0.3.2 57.75 NOTE
r-devel-linux-x86_64-fedora-gcc 0.3.2 55.53 NOTE
r-devel-windows-x86_64 0.3.2 5.00 56.00 61.00 NOTE
r-patched-linux-x86_64 0.3.2 3.62 32.10 35.72 NOTE
r-release-linux-x86_64 0.3.2 3.43 32.19 35.62 NOTE
r-release-macos-arm64 0.3.2 24.00 NOTE
r-release-macos-x86_64 0.3.2 52.00 NOTE
r-release-windows-x86_64 0.3.2 6.00 56.00 62.00 NOTE
r-oldrel-macos-arm64 0.3.2 27.00 OK
r-oldrel-macos-x86_64 0.3.2 36.00 OK
r-oldrel-windows-x86_64 0.3.2 6.00 66.00 72.00 OK

Check Details

Version: 0.3.2
Check: DESCRIPTION meta-information
Result: NOTE Missing dependency on R >= 4.2.0 because package code uses the pipe placeholder syntax added in R 4.2.0. File(s) using such syntax: ‘fitting.R’ Flavors: r-devel-linux-x86_64-debian-clang, r-devel-linux-x86_64-debian-gcc, r-devel-linux-x86_64-fedora-clang, r-devel-linux-x86_64-fedora-gcc, r-devel-windows-x86_64, r-patched-linux-x86_64, r-release-linux-x86_64, r-release-macos-arm64, r-release-windows-x86_64

Version: 0.3.2
Check: DESCRIPTION meta-information
Result: NOTE Missing dependency on R >= 4.1.0 because package code uses the pipe |> or function shorthand \(...) syntax added in R 4.1.0. File(s) using such syntax: ‘fitting.R’ ‘fivetrial.R’ ‘mcq.R’ ‘utils.R’ Flavor: r-release-macos-x86_64

mirror server hosted at Truenetwork, Russian Federation.