Last updated on 2025-11-04 05:51:05 CET.
| Flavor | Version | Tinstall | Tcheck | Ttotal | Status | Flags | 
|---|---|---|---|---|---|---|
| r-devel-linux-x86_64-debian-clang | 1.0.2 | 4.75 | 37.26 | 42.01 | NOTE | |
| r-devel-linux-x86_64-debian-gcc | 1.0.2 | 3.81 | 26.42 | 30.23 | NOTE | |
| r-devel-linux-x86_64-fedora-clang | 1.0.2 | 22.00 | 46.75 | 68.75 | OK | |
| r-devel-linux-x86_64-fedora-gcc | 1.0.2 | 10.00 | 49.84 | 59.84 | OK | |
| r-devel-windows-x86_64 | 1.0.2 | 11.00 | 55.00 | 66.00 | OK | |
| r-patched-linux-x86_64 | 1.0.2 | 4.55 | 33.85 | 38.40 | OK | |
| r-release-linux-x86_64 | 1.0.2 | 4.52 | 34.32 | 38.84 | OK | |
| r-release-macos-arm64 | 1.0.2 | 4.00 | 20.00 | 24.00 | OK | |
| r-release-macos-x86_64 | 1.0.2 | 5.00 | 53.00 | 58.00 | OK | |
| r-release-windows-x86_64 | 1.0.2 | 10.00 | 55.00 | 65.00 | OK | |
| r-oldrel-macos-arm64 | 1.0.2 | 4.00 | 24.00 | 28.00 | OK | |
| r-oldrel-macos-x86_64 | 1.0.2 | 6.00 | 46.00 | 52.00 | OK | |
| r-oldrel-windows-x86_64 | 1.0.2 | 15.00 | 65.00 | 80.00 | OK | 
Version: 1.0.2
Check: CRAN incoming feasibility
Result: NOTE
  Maintainer: ‘Michal Burdukiewicz <michalburdukiewicz@gmail.com>’
  
  The Description field contains
    article (at <arXiv:0908.2062>) and Perry's 2009 PhD thesis (at
    <arXiv:0909.3052>).
  Please refer to arXiv e-prints via their arXiv DOI <doi:10.48550/arXiv.YYMM.NNNNN>.
Flavors: r-devel-linux-x86_64-debian-clang, r-devel-linux-x86_64-debian-gcc