Last updated on 2025-11-03 23:50:11 CET.
| Flavor | Version | Tinstall | Tcheck | Ttotal | Status | Flags | 
|---|---|---|---|---|---|---|
| r-devel-linux-x86_64-debian-clang | 2.0.12 | 14.87 | 136.27 | 151.14 | NOTE | |
| r-devel-linux-x86_64-debian-gcc | 2.0.12 | 11.80 | 95.39 | 107.19 | ERROR | |
| r-devel-linux-x86_64-fedora-clang | 2.0.12 | 68.00 | 184.00 | 252.00 | OK | |
| r-devel-linux-x86_64-fedora-gcc | 2.0.12 | 36.00 | 206.57 | 242.57 | OK | |
| r-devel-windows-x86_64 | 2.0.12 | 18.00 | 142.00 | 160.00 | OK | |
| r-patched-linux-x86_64 | 2.0.12 | 20.13 | 129.73 | 149.86 | OK | |
| r-release-linux-x86_64 | 2.0.12 | 18.77 | 129.82 | 148.59 | OK | |
| r-release-macos-arm64 | 2.0.12 | 8.00 | 69.00 | 77.00 | OK | |
| r-release-macos-x86_64 | 2.0.12 | 23.00 | 144.00 | 167.00 | OK | |
| r-release-windows-x86_64 | 2.0.12 | 18.00 | 143.00 | 161.00 | OK | |
| r-oldrel-macos-arm64 | 2.0.12 | 7.00 | 71.00 | 78.00 | OK | |
| r-oldrel-macos-x86_64 | 2.0.12 | 30.00 | 239.00 | 269.00 | OK | |
| r-oldrel-windows-x86_64 | 2.0.12 | 26.00 | 185.00 | 211.00 | OK | 
Version: 2.0.12
Check: CRAN incoming feasibility
Result: NOTE
  Maintainer: ‘Erik W Leppo <Erik.Leppo@tetratech.com>’
  
  No Authors@R field in DESCRIPTION.
  Please add one, modifying
    Authors@R: c(person(given = "Rebecca",
                        family = "Murphy",
                        role = "aut"),
                 person(given = "Elgin",
                        family = "Perry",
                        role = "aut"),
                 person(given = "Jennifer",
                        family = "Keisman",
                        role = "aut"),
                 person(given = "Jon",
                        family = "Harcum",
                        role = "aut"),
                 person(given = c("Erik", "W"),
                        family = "Leppo",
                        role = c("aut", "cre"),
                        email = "erik.leppo@tetratech.com"))
  as necessary.
Flavors: r-devel-linux-x86_64-debian-clang, r-devel-linux-x86_64-debian-gcc
Version: 2.0.12
Check: re-building of vignette outputs
Result: ERROR
  Error(s) in re-building vignettes:
    ...
  --- re-building ‘Detrending_Flow_and_Salinity_Data.Rmd’ using rmarkdown
  
  Quitting from Detrending_Flow_and_Salinity_Data.Rmd:80-96 [flow1]
  ~~~~~~~~~~~~~~~~~~~~~~~~~~~~~~~~~~~~~~~~~~~~~~~~~~~~~~~~~~~~~~~~~~~~~~~~~~~~~~~~
  NULL
  ~~~~~~~~~~~~~~~~~~~~~~~~~~~~~~~~~~~~~~~~~~~~~~~~~~~~~~~~~~~~~~~~~~~~~~~~~~~~~~~~
  
  Error: processing vignette 'Detrending_Flow_and_Salinity_Data.Rmd' failed with diagnostics:
  Failed to perform HTTP request.
  Caused by error in `curl::curl_fetch_memory()`:
  ! Timeout was reached [waterservices.usgs.gov]:
  Connection timed out after 10002 milliseconds
  --- failed re-building ‘Detrending_Flow_and_Salinity_Data.Rmd’
  
  --- re-building ‘Processing_Censored_Data.Rmd’ using rmarkdown
  [WARNING] Deprecated: --highlight-style. Use --syntax-highlighting instead.
  --- finished re-building ‘Processing_Censored_Data.Rmd’
  
  SUMMARY: processing the following file failed:
    ‘Detrending_Flow_and_Salinity_Data.Rmd’
  
  Error: Vignette re-building failed.
  Execution halted
Flavor: r-devel-linux-x86_64-debian-gcc