Last updated on 2025-11-04 11:52:25 CET.
| Flavor | Version | Tinstall | Tcheck | Ttotal | Status | Flags | 
|---|---|---|---|---|---|---|
| r-devel-linux-x86_64-debian-clang | 1.5 | 1.90 | 26.39 | 28.29 | NOTE | |
| r-devel-linux-x86_64-debian-gcc | 1.5 | 1.99 | 20.91 | 22.90 | NOTE | |
| r-devel-linux-x86_64-fedora-clang | 1.5 | 45.14 | OK | |||
| r-devel-linux-x86_64-fedora-gcc | 1.5 | 42.17 | OK | |||
| r-devel-windows-x86_64 | 1.5 | 4.00 | 42.00 | 46.00 | OK | |
| r-patched-linux-x86_64 | 1.5 | 2.19 | 25.24 | 27.43 | OK | |
| r-release-linux-x86_64 | 1.5 | 2.40 | 25.19 | 27.59 | OK | |
| r-release-macos-arm64 | 1.5 | 2.00 | 19.00 | 21.00 | OK | |
| r-release-macos-x86_64 | 1.5 | 4.00 | 34.00 | 38.00 | OK | |
| r-release-windows-x86_64 | 1.5 | 4.00 | 41.00 | 45.00 | OK | |
| r-oldrel-macos-arm64 | 1.5 | 1.00 | 18.00 | 19.00 | OK | |
| r-oldrel-macos-x86_64 | 1.5 | 3.00 | 29.00 | 32.00 | OK | |
| r-oldrel-windows-x86_64 | 1.5 | 4.00 | 47.00 | 51.00 | OK | 
Version: 1.5
Check: CRAN incoming feasibility
Result: NOTE
  Maintainer: ‘Riko Kelter <riko.kelter@uni-siegen.de>’
  
  No Authors@R field in DESCRIPTION.
  Please add one, modifying
    Authors@R: person(given = "Riko",
                      family = "Kelter",
                      role = c("aut", "cre"),
                      email = "riko.kelter@uni-siegen.de")
  as necessary.
  
  The Description field contains
    details about the Gibbs sampler see Kelter (2019) <arXiv:1906.07524>.
  Please refer to arXiv e-prints via their arXiv DOI <doi:10.48550/arXiv.YYMM.NNNNN>.
Flavors: r-devel-linux-x86_64-debian-clang, r-devel-linux-x86_64-debian-gcc