Last updated on 2025-11-04 05:51:05 CET.
| Flavor | Version | Tinstall | Tcheck | Ttotal | Status | Flags | 
|---|---|---|---|---|---|---|
| r-devel-linux-x86_64-debian-clang | 0.1.0 | 2.63 | 34.72 | 37.35 | NOTE | |
| r-devel-linux-x86_64-debian-gcc | 0.1.0 | 2.06 | 26.67 | 28.73 | NOTE | |
| r-devel-linux-x86_64-fedora-clang | 0.1.0 | 57.50 | OK | |||
| r-devel-linux-x86_64-fedora-gcc | 0.1.0 | 54.91 | OK | |||
| r-devel-windows-x86_64 | 0.1.0 | 4.00 | 60.00 | 64.00 | OK | |
| r-patched-linux-x86_64 | 0.1.0 | 2.87 | 33.42 | 36.29 | OK | |
| r-release-linux-x86_64 | 0.1.0 | 2.43 | 33.32 | 35.75 | OK | |
| r-release-macos-arm64 | 0.1.0 | 1.00 | 25.00 | 26.00 | OK | |
| r-release-macos-x86_64 | 0.1.0 | 2.00 | 43.00 | 45.00 | OK | |
| r-release-windows-x86_64 | 0.1.0 | 3.00 | 54.00 | 57.00 | OK | |
| r-oldrel-macos-arm64 | 0.1.0 | 1.00 | 27.00 | 28.00 | OK | |
| r-oldrel-macos-x86_64 | 0.1.0 | 2.00 | 43.00 | 45.00 | OK | |
| r-oldrel-windows-x86_64 | 0.1.0 | 4.00 | 73.00 | 77.00 | OK | 
Version: 0.1.0
Check: CRAN incoming feasibility
Result: NOTE
  Maintainer: ‘Edwin Javier Castillo Carreño <edjcastilloca@unal.edu.co>’
  
  No Authors@R field in DESCRIPTION.
  Please add one, modifying
    Authors@R: c(person(given = c("Edwin", "Javier", "Castillo"),
                        family = "Carreño",
                        role = c("aut", "cre"),
                        email = "edjcastilloca@unal.edu.co"),
                 person(given = c("Edilberto", "Cepeda"),
                        family = "Cuervo",
                        role = "aut"))
  as necessary.
Flavors: r-devel-linux-x86_64-debian-clang, r-devel-linux-x86_64-debian-gcc